CRAN Package Check Results for Package mssm

Last updated on 2022-12-09 21:53:50 CET.

Flavor Version Tinstall Tcheck Ttotal Status Flags
r-devel-linux-x86_64-debian-clang 0.1.6 377.54 66.60 444.14 WARN
r-devel-linux-x86_64-debian-gcc 0.1.6 314.71 50.62 365.33 WARN
r-devel-linux-x86_64-fedora-clang 0.1.6 685.54 WARN
r-devel-linux-x86_64-fedora-gcc 0.1.6 642.83 WARN
r-devel-windows-x86_64 0.1.6 339.00 154.00 493.00 OK
r-patched-linux-x86_64 0.1.6 342.55 60.12 402.67 OK
r-release-linux-x86_64 0.1.6 247.79 60.41 308.20 OK
r-release-macos-arm64 0.1.6 128.00 NOTE
r-release-macos-x86_64 0.1.6 220.00 NOTE
r-release-windows-x86_64 0.1.6 329.00 152.00 481.00 OK
r-oldrel-macos-arm64 0.1.6 111.00 NOTE
r-oldrel-macos-x86_64 0.1.6 160.00 NOTE
r-oldrel-windows-ix86+x86_64 0.1.6 941.00 206.00 1147.00 NOTE

Check Details

Version: 0.1.6
Check: compiled code
Result: WARN
    File 'mssm/libs/mssm.so':
     Found 'sprintf', possibly from 'sprintf' (C)
     Object: 'test-runner.o'
    
    Compiled code should not call entry points which might terminate R nor
    write to stdout/stderr instead of to the console, nor use Fortran I/O
    nor system RNGs nor [v]sprintf.
    
    See 'Writing portable packages' in the 'Writing R Extensions' manual.
Flavors: r-devel-linux-x86_64-debian-clang, r-devel-linux-x86_64-fedora-clang

Version: 0.1.6
Check: compiled code
Result: WARN
    File ‘mssm/libs/mssm.so’:
     Found ‘__sprintf_chk’, possibly from ‘sprintf’ (C)
     Object: ‘test-runner.o’
    
    Compiled code should not call entry points which might terminate R nor
    write to stdout/stderr instead of to the console, nor use Fortran I/O
    nor system RNGs nor [v]sprintf.
    
    See ‘Writing portable packages’ in the ‘Writing R Extensions’ manual.
Flavors: r-devel-linux-x86_64-debian-gcc, r-devel-linux-x86_64-fedora-gcc

Version: 0.1.6
Check: installed package size
Result: NOTE
     installed size is 18.1Mb
     sub-directories of 1Mb or more:
     help 1.0Mb
     libs 17.0Mb
Flavors: r-release-macos-arm64, r-release-macos-x86_64, r-oldrel-macos-arm64, r-oldrel-macos-x86_64, r-oldrel-windows-ix86+x86_64