Last updated on 2024-04-19 11:56:53 CEST.
Flavor | Version | Tinstall | Tcheck | Ttotal | Status | Flags |
---|---|---|---|---|---|---|
r-devel-linux-x86_64-debian-clang | 0.5.3 | 3.91 | 56.75 | 60.66 | NOTE | |
r-devel-linux-x86_64-debian-gcc | 0.5.3 | NOTE | ||||
r-devel-linux-x86_64-fedora-clang | 0.5.3 | 74.46 | NOTE | |||
r-devel-linux-x86_64-fedora-gcc | 0.5.3 | 71.95 | NOTE | |||
r-prerel-macos-arm64 | 0.5.3 | 27.00 | NOTE | |||
r-prerel-windows-x86_64 | 0.5.3 | 5.00 | 76.00 | 81.00 | NOTE | |
r-patched-linux-x86_64 | 0.5.3 | 3.36 | 54.98 | 58.34 | NOTE | |
r-release-linux-x86_64 | 0.5.3 | 3.71 | 54.88 | 58.59 | NOTE | |
r-release-macos-arm64 | 0.5.3 | 31.00 | NOTE | |||
r-release-macos-x86_64 | 0.5.3 | 43.00 | NOTE | |||
r-release-windows-x86_64 | 0.5.3 | 5.00 | 78.00 | 83.00 | NOTE | |
r-oldrel-macos-arm64 | 0.5.3 | 31.00 | OK | |||
r-oldrel-windows-x86_64 | 0.5.3 | 6.00 | 84.00 | 90.00 | OK |
Version: 0.5.3
Check: Rd files
Result: NOTE
checkRd: (-1) ml_g.Rd:47: Escaped LaTeX specials: \&
Flavors: r-devel-linux-x86_64-debian-clang, r-devel-linux-x86_64-debian-gcc, r-devel-linux-x86_64-fedora-clang, r-devel-linux-x86_64-fedora-gcc, r-prerel-macos-arm64, r-prerel-windows-x86_64, r-patched-linux-x86_64, r-release-linux-x86_64, r-release-macos-arm64, r-release-macos-x86_64, r-release-windows-x86_64