CRAN Package Check Results for Package msltrend

Last updated on 2022-12-10 07:04:39 CET.

Flavor Version Tinstall Tcheck Ttotal Status Flags
r-devel-linux-x86_64-debian-clang 1.0 11.01 97.13 108.14 NOTE
r-devel-linux-x86_64-debian-gcc 1.0 9.88 74.06 83.94 NOTE
r-devel-linux-x86_64-fedora-clang 1.0 136.54 NOTE
r-devel-linux-x86_64-fedora-gcc 1.0 131.88 NOTE
r-devel-windows-x86_64 1.0 17.00 133.00 150.00 OK
r-patched-linux-x86_64 1.0 11.69 85.44 97.13 NOTE
r-release-linux-x86_64 1.0 13.37 83.47 96.84 NOTE
r-release-macos-arm64 1.0 38.00 OK
r-release-macos-x86_64 1.0 59.00 OK
r-release-windows-x86_64 1.0 18.00 108.00 126.00 OK
r-oldrel-macos-arm64 1.0 37.00 OK
r-oldrel-macos-x86_64 1.0 60.00 OK
r-oldrel-windows-ix86+x86_64 1.0 27.00 114.00 141.00 OK

Check Details

Version: 1.0
Check: for non-standard things in the check directory
Result: NOTE
    Found the following files/directories:
     'Acceleration.pdf' 'File1.pdf' 'Forecast.pdf' 'Series.pdf'
     'Velocity.pdf'
Flavors: r-devel-linux-x86_64-debian-clang, r-devel-linux-x86_64-debian-gcc, r-devel-linux-x86_64-fedora-clang, r-devel-linux-x86_64-fedora-gcc, r-patched-linux-x86_64, r-release-linux-x86_64