Last updated on 2024-04-19 11:56:53 CEST.
Flavor | Version | Tinstall | Tcheck | Ttotal | Status | Flags |
---|---|---|---|---|---|---|
r-devel-linux-x86_64-debian-clang | 1.3.3 | 4.34 | 56.63 | 60.97 | NOTE | |
r-devel-linux-x86_64-debian-gcc | 1.3.3 | NOTE | ||||
r-devel-linux-x86_64-fedora-clang | 1.3.3 | 76.38 | NOTE | |||
r-devel-linux-x86_64-fedora-gcc | 1.3.3 | 81.49 | NOTE | |||
r-prerel-macos-arm64 | 1.3.3 | 29.00 | NOTE | |||
r-prerel-windows-x86_64 | 1.3.3 | 4.00 | 62.00 | 66.00 | NOTE | |
r-patched-linux-x86_64 | 1.3.3 | 2.94 | 51.46 | 54.40 | NOTE | |
r-release-linux-x86_64 | 1.3.3 | 3.56 | 51.75 | 55.31 | NOTE | |
r-release-macos-arm64 | 1.3.3 | 31.00 | NOTE | |||
r-release-macos-x86_64 | 1.3.3 | 47.00 | NOTE | |||
r-release-windows-x86_64 | 1.3.3 | 4.00 | 76.00 | 80.00 | NOTE | |
r-oldrel-macos-arm64 | 1.3.3 | 26.00 | NOTE | |||
r-oldrel-windows-x86_64 | 1.3.3 | 6.00 | 77.00 | 83.00 | NOTE |
Version: 1.3.3
Check: LazyData
Result: NOTE
'LazyData' is specified without a 'data' directory
Flavors: r-devel-linux-x86_64-debian-clang, r-devel-linux-x86_64-debian-gcc, r-devel-linux-x86_64-fedora-clang, r-devel-linux-x86_64-fedora-gcc, r-prerel-macos-arm64, r-prerel-windows-x86_64, r-patched-linux-x86_64, r-release-linux-x86_64, r-release-macos-arm64, r-release-macos-x86_64, r-release-windows-x86_64, r-oldrel-macos-arm64, r-oldrel-windows-x86_64