CRAN Package Check Results for Package msde

Last updated on 2022-01-26 06:50:21 CET.

Flavor Version Tinstall Tcheck Ttotal Status Flags
r-devel-linux-x86_64-debian-clang 1.0.5 41.46 194.07 235.53 OK
r-devel-linux-x86_64-debian-gcc 1.0.5 29.45 136.73 166.18 OK
r-devel-linux-x86_64-fedora-clang 1.0.5 301.86 NOTE
r-devel-linux-x86_64-fedora-gcc 1.0.5 277.24 OK
r-devel-windows-x86_64-new-UL 1.0.5 66.00 242.00 308.00 OK
r-devel-windows-x86_64-new-TK 1.0.5 OK
r-patched-linux-x86_64 1.0.5 35.06 174.32 209.38 OK
r-release-linux-x86_64 1.0.5 35.35 173.91 209.26 OK
r-release-macos-arm64 1.0.5 NOTE
r-release-macos-x86_64 1.0.5 NOTE
r-release-windows-ix86+x86_64 1.0.5 91.00 317.00 408.00 OK
r-oldrel-macos-x86_64 1.0.5 NOTE
r-oldrel-windows-ix86+x86_64 1.0.5 92.00 316.00 408.00 OK

Check Details

Version: 1.0.5
Check: installed package size
Result: NOTE
     installed size is 5.8Mb
     sub-directories of 1Mb or more:
     libs 5.1Mb
Flavors: r-devel-linux-x86_64-fedora-clang, r-release-macos-arm64, r-release-macos-x86_64, r-oldrel-macos-x86_64