Last updated on 2023-09-23 12:57:46 CEST.
Flavor | Version | Tinstall | Tcheck | Ttotal | Status | Flags |
---|---|---|---|---|---|---|
r-devel-linux-x86_64-debian-clang | 3.1 | 9.46 | 144.83 | 154.29 | NOTE | |
r-devel-linux-x86_64-debian-gcc | 3.1 | 8.76 | 110.46 | 119.22 | NOTE | |
r-devel-linux-x86_64-fedora-clang | 3.1 | 188.84 | NOTE | |||
r-devel-linux-x86_64-fedora-gcc | 3.1 | 198.93 | NOTE | |||
r-devel-windows-x86_64 | 3.1 | 9.00 | 129.00 | 138.00 | NOTE | |
r-patched-linux-x86_64 | 3.1 | 9.09 | 142.31 | 151.40 | NOTE | |
r-release-linux-x86_64 | 3.1 | 10.58 | 143.60 | 154.18 | NOTE | |
r-release-macos-arm64 | 3.1 | 68.00 | NOTE | |||
r-release-macos-x86_64 | 3.1 | 114.00 | NOTE | |||
r-release-windows-x86_64 | 3.1 | 12.00 | 154.00 | 166.00 | NOTE | |
r-oldrel-macos-arm64 | 3.1 | 56.00 | NOTE | |||
r-oldrel-macos-x86_64 | 3.1 | 79.00 | NOTE | |||
r-oldrel-windows-x86_64 | 3.1 | 13.00 | 160.00 | 173.00 | NOTE |
Version: 3.1
Check: LazyData
Result: NOTE
'LazyData' is specified without a 'data' directory
Flavors: r-devel-linux-x86_64-debian-clang, r-devel-linux-x86_64-debian-gcc, r-devel-linux-x86_64-fedora-clang, r-devel-linux-x86_64-fedora-gcc, r-devel-windows-x86_64, r-patched-linux-x86_64, r-release-linux-x86_64, r-release-macos-arm64, r-release-macos-x86_64, r-release-windows-x86_64, r-oldrel-macos-arm64, r-oldrel-macos-x86_64, r-oldrel-windows-x86_64