CRAN Package Check Results for Package msaFACE

Last updated on 2025-02-04 03:49:55 CET.

Flavor Version Tinstall Tcheck Ttotal Status Flags
r-devel-linux-x86_64-debian-clang 0.1.0 2.44 21.30 23.74 NOTE
r-devel-linux-x86_64-debian-gcc 0.1.0 1.69 16.61 18.30 NOTE
r-devel-linux-x86_64-fedora-clang 0.1.0 38.13 NOTE
r-devel-linux-x86_64-fedora-gcc 0.1.0 35.81 NOTE
r-devel-windows-x86_64 0.1.0 4.00 39.00 43.00 NOTE
r-patched-linux-x86_64 0.1.0 2.25 20.18 22.43 NOTE
r-release-linux-x86_64 0.1.0 2.18 20.01 22.19 NOTE
r-release-macos-arm64 0.1.0 16.00 NOTE
r-release-macos-x86_64 0.1.0 23.00 NOTE
r-release-windows-x86_64 0.1.0 4.00 38.00 42.00 NOTE
r-oldrel-macos-arm64 0.1.0 19.00 OK
r-oldrel-macos-x86_64 0.1.0 22.00 OK
r-oldrel-windows-x86_64 0.1.0 3.00 40.00 43.00 OK

Check Details

Version: 0.1.0
Check: Rd files
Result: NOTE checkRd: (-1) msa-package.Rd:17: Lost braces in \enumerate; meant \describe ? checkRd: (-1) msa-package.Rd:19: Lost braces in \enumerate; meant \describe ? checkRd: (-1) msa-package.Rd:21: Lost braces in \enumerate; meant \describe ? checkRd: (-1) msa.Rd:65: Lost braces in \enumerate; meant \describe ? checkRd: (-1) msa.Rd:67: Lost braces in \enumerate; meant \describe ? checkRd: (-1) msa.Rd:69: Lost braces in \enumerate; meant \describe ? checkRd: (-1) msa.Rd:42: Lost braces in \itemize; \value handles \item{}{} directly checkRd: (-1) msa.Rd:43: Lost braces in \itemize; \value handles \item{}{} directly checkRd: (-1) msa.Rd:44: Lost braces in \itemize; \value handles \item{}{} directly checkRd: (-1) msa.Rd:45: Lost braces in \itemize; \value handles \item{}{} directly checkRd: (-1) msa.Rd:47: Lost braces in \itemize; \value handles \item{}{} directly checkRd: (-1) msa.Rd:48: Lost braces in \itemize; \value handles \item{}{} directly checkRd: (-1) summary.msa.Rd:24: Lost braces in \itemize; meant \describe ? checkRd: (-1) summary.msa.Rd:25: Lost braces in \itemize; meant \describe ? checkRd: (-1) summary.msa.Rd:26: Lost braces in \itemize; meant \describe ? checkRd: (-1) summary.msa.Rd:27: Lost braces in \itemize; meant \describe ? checkRd: (-1) summary.msa.Rd:28: Lost braces in \itemize; meant \describe ? checkRd: (-1) summary.msa.Rd:29: Lost braces in \itemize; meant \describe ? checkRd: (-1) summary.msa.Rd:30: Lost braces in \itemize; meant \describe ? Flavors: r-devel-linux-x86_64-debian-clang, r-devel-linux-x86_64-debian-gcc, r-devel-linux-x86_64-fedora-clang, r-devel-linux-x86_64-fedora-gcc, r-devel-windows-x86_64, r-patched-linux-x86_64, r-release-linux-x86_64, r-release-macos-arm64, r-release-macos-x86_64, r-release-windows-x86_64