Last updated on 2022-05-20 12:53:30 CEST.
Flavor | Version | Tinstall | Tcheck | Ttotal | Status | Flags |
---|---|---|---|---|---|---|
r-devel-linux-x86_64-debian-clang | 0.5-2 | 14.50 | 95.03 | 109.53 | NOTE | |
r-devel-linux-x86_64-debian-gcc | 0.5-2 | 9.68 | 70.78 | 80.46 | NOTE | |
r-devel-linux-x86_64-fedora-clang | 0.5-2 | 131.39 | NOTE | |||
r-devel-linux-x86_64-fedora-gcc | 0.5-2 | 134.40 | NOTE | |||
r-devel-windows-x86_64 | 0.5-2 | 34.00 | 113.00 | 147.00 | NOTE | |
r-patched-linux-x86_64 | 0.5-2 | 12.77 | 91.33 | 104.10 | NOTE | |
r-release-linux-x86_64 | 0.5-2 | 13.28 | 89.09 | 102.37 | NOTE | |
r-release-windows-x86_64 | 0.5-2 | 36.00 | 120.00 | 156.00 | NOTE | |
r-oldrel-windows-ix86+x86_64 | 0.5-2 | 40.00 | 143.00 | 183.00 | NOTE |
Version: 0.5-2
Check: LazyData
Result: NOTE
'LazyData' is specified without a 'data' directory
Flavors: r-devel-linux-x86_64-debian-clang, r-devel-linux-x86_64-debian-gcc, r-devel-linux-x86_64-fedora-clang, r-devel-linux-x86_64-fedora-gcc, r-devel-windows-x86_64, r-patched-linux-x86_64, r-release-linux-x86_64, r-release-windows-x86_64, r-oldrel-windows-ix86+x86_64