Last updated on 2023-04-02 03:51:34 CEST.
Flavor | Version | Tinstall | Tcheck | Ttotal | Status | Flags |
---|---|---|---|---|---|---|
r-devel-linux-x86_64-debian-clang | 0.5.1 | 565.68 | 133.39 | 699.07 | NOTE | |
r-devel-linux-x86_64-debian-gcc | 0.5.1 | 486.59 | 132.13 | 618.72 | NOTE | |
r-devel-linux-x86_64-fedora-clang | 0.5.1 | 849.92 | NOTE | |||
r-devel-linux-x86_64-fedora-gcc | 0.5.1 | 1047.68 | NOTE | |||
r-devel-windows-x86_64 | 0.5.1 | 606.00 | 242.00 | 848.00 | NOTE | |
r-patched-linux-x86_64 | 0.5.1 | 466.34 | 166.43 | 632.77 | NOTE | |
r-release-linux-x86_64 | 0.5.1 | 475.30 | 152.01 | 627.31 | NOTE | |
r-release-macos-arm64 | 0.5.1 | 243.00 | NOTE | |||
r-release-macos-x86_64 | 0.5.1 | 382.00 | NOTE | |||
r-release-windows-x86_64 | 0.5.1 | 2246.00 | 238.00 | 2484.00 | NOTE | |
r-oldrel-macos-arm64 | 0.5.1 | 235.00 | NOTE | |||
r-oldrel-macos-x86_64 | 0.5.1 | 288.00 | NOTE | |||
r-oldrel-windows-ix86+x86_64 | 0.5.1 | 420.00 | 19.00 | 439.00 | ERROR |
Version: 0.5.1
Check: for GNU extensions in Makefiles
Result: NOTE
GNU make is a SystemRequirements.
Flavors: r-devel-linux-x86_64-debian-clang, r-devel-linux-x86_64-debian-gcc, r-devel-linux-x86_64-fedora-clang, r-devel-linux-x86_64-fedora-gcc, r-devel-windows-x86_64, r-patched-linux-x86_64, r-release-linux-x86_64, r-release-macos-arm64, r-release-macos-x86_64, r-release-windows-x86_64, r-oldrel-macos-arm64, r-oldrel-macos-x86_64
Version: 0.5.1
Check: installed package size
Result: NOTE
installed size is 5.6Mb
sub-directories of 1Mb or more:
libs 5.2Mb
Flavors: r-devel-linux-x86_64-fedora-clang, r-release-macos-arm64, r-release-macos-x86_64, r-oldrel-macos-arm64, r-oldrel-macos-x86_64
Version: 0.5.1
Check: dependencies in R code
Result: NOTE
Namespace in Imports field not imported from: ‘rstantools’
All declared Imports should be used.
Flavors: r-devel-linux-x86_64-fedora-clang, r-devel-linux-x86_64-fedora-gcc, r-release-macos-arm64, r-release-macos-x86_64, r-oldrel-macos-arm64, r-oldrel-macos-x86_64
Version: 0.5.1
Check: package dependencies
Result: NOTE
Package suggested but not available for checking: ‘rjags’
Flavor: r-release-macos-x86_64
Version: 0.5.1
Check: Rd cross-references
Result: NOTE
Package unavailable to check Rd xrefs: ‘rjags’
Flavor: r-release-macos-x86_64
Version: 0.5.1
Check: whether package can be installed
Result: ERROR
Installation failed.
Flavor: r-oldrel-windows-ix86+x86_64