Last updated on 2023-12-06 12:53:40 CET.
Flavor | Version | Tinstall | Tcheck | Ttotal | Status | Flags |
---|---|---|---|---|---|---|
r-devel-linux-x86_64-debian-clang | 1.4.2 | 10.44 | 113.60 | 124.04 | NOTE | |
r-devel-linux-x86_64-debian-gcc | 1.4.2 | 8.34 | 83.79 | 92.13 | NOTE | |
r-devel-linux-x86_64-fedora-clang | 1.4.2 | 153.43 | OK | |||
r-devel-linux-x86_64-fedora-gcc | 1.4.2 | 145.82 | OK | |||
r-devel-windows-x86_64 | 1.4.2 | 11.00 | 106.00 | 117.00 | OK | |
r-patched-linux-x86_64 | 1.4.2 | 13.29 | 108.65 | 121.94 | OK | |
r-release-linux-x86_64 | 1.4.2 | 12.71 | 110.16 | 122.87 | OK | |
r-release-macos-arm64 | 1.4.2 | 45.00 | OK | |||
r-release-macos-x86_64 | 1.4.2 | 76.00 | OK | |||
r-release-windows-x86_64 | 1.4.2 | 14.00 | 122.00 | 136.00 | OK | |
r-oldrel-macos-arm64 | 1.4.2 | 43.00 | OK | |||
r-oldrel-macos-x86_64 | 1.4.2 | 60.00 | OK | |||
r-oldrel-windows-x86_64 | 1.4.2 | 14.00 | 134.00 | 148.00 | OK |
Version: 1.4.2
Check: Rd files
Result: NOTE
checkRd: (-1) sci.ratioVH.Rd:25: Lost braces in \itemize; meant \describe ?
checkRd: (-1) sci.ratioVH.Rd:26: Lost braces in \itemize; meant \describe ?
checkRd: (-1) sci.ratioVH.Rd:27: Lost braces in \itemize; meant \describe ?
checkRd: (-1) sci.ratioVH.Rd:28: Lost braces in \itemize; meant \describe ?
checkRd: (-1) sci.ratioVH.Rd:29: Lost braces in \itemize; meant \describe ?
checkRd: (-1) sci.ratioVH.Rd:30: Lost braces in \itemize; meant \describe ?
checkRd: (-1) sci.ratioVH.Rd:31: Lost braces in \itemize; meant \describe ?
checkRd: (-1) sci.ratioVH.Rd:32: Lost braces in \itemize; meant \describe ?
checkRd: (-1) sci.ratioVH.Rd:40: Lost braces in \itemize; meant \describe ?
checkRd: (-1) sci.ratioVH.Rd:41: Lost braces in \itemize; meant \describe ?
checkRd: (-1) sci.ratioVH.Rd:42: Lost braces in \itemize; meant \describe ?
checkRd: (-1) sci.ratioVH.Rd:43: Lost braces in \itemize; meant \describe ?
checkRd: (-1) sci.ratioVH.Rd:50: Lost braces in \itemize; meant \describe ?
checkRd: (-1) sci.ratioVH.Rd:51: Lost braces in \itemize; meant \describe ?
checkRd: (-1) sci.ratioVH.Rd:52: Lost braces in \itemize; meant \describe ?
checkRd: (-1) simtest.ratioVH.Rd:23: Lost braces in \itemize; meant \describe ?
checkRd: (-1) simtest.ratioVH.Rd:24: Lost braces in \itemize; meant \describe ?
checkRd: (-1) simtest.ratioVH.Rd:25: Lost braces in \itemize; meant \describe ?
checkRd: (-1) simtest.ratioVH.Rd:26: Lost braces in \itemize; meant \describe ?
checkRd: (-1) simtest.ratioVH.Rd:27: Lost braces in \itemize; meant \describe ?
checkRd: (-1) simtest.ratioVH.Rd:28: Lost braces in \itemize; meant \describe ?
checkRd: (-1) simtest.ratioVH.Rd:29: Lost braces in \itemize; meant \describe ?
checkRd: (-1) simtest.ratioVH.Rd:30: Lost braces in \itemize; meant \describe ?
checkRd: (-1) simtest.ratioVH.Rd:37: Lost braces in \itemize; meant \describe ?
checkRd: (-1) simtest.ratioVH.Rd:38: Lost braces in \itemize; meant \describe ?
checkRd: (-1) simtest.ratioVH.Rd:39: Lost braces in \itemize; meant \describe ?
Flavors: r-devel-linux-x86_64-debian-clang, r-devel-linux-x86_64-debian-gcc