Last updated on 2024-03-29 12:54:11 CET.
Flavor | Version | Tinstall | Tcheck | Ttotal | Status | Flags |
---|---|---|---|---|---|---|
r-devel-linux-x86_64-debian-clang | 0.2 | 2.79 | 28.48 | 31.27 | NOTE | |
r-devel-linux-x86_64-debian-gcc | 0.2 | 2.15 | 21.64 | 23.79 | NOTE | |
r-devel-linux-x86_64-fedora-clang | 0.2 | 40.16 | NOTE | |||
r-devel-linux-x86_64-fedora-gcc | 0.2 | 39.17 | NOTE | |||
r-devel-windows-x86_64 | 0.2 | 3.00 | 43.00 | 46.00 | NOTE | |
r-patched-linux-x86_64 | 0.2 | 2.49 | 27.54 | 30.03 | NOTE | |
r-release-linux-x86_64 | 0.2 | 2.57 | 27.14 | 29.71 | OK | |
r-release-macos-arm64 | 0.2 | 19.00 | OK | |||
r-release-macos-x86_64 | 0.2 | 24.00 | OK | |||
r-release-windows-x86_64 | 0.2 | 5.00 | 50.00 | 55.00 | OK | |
r-oldrel-macos-arm64 | 0.2 | 19.00 | OK | |||
r-oldrel-windows-x86_64 | 0.2 | 6.00 | 50.00 | 56.00 | OK |
Version: 0.2
Check: Rd files
Result: NOTE
checkRd: (-1) bmi.bmi.Rd:14: Lost braces in \enumerate; meant \describe ?
checkRd: (-1) bmi.bmi.Rd:15: Lost braces in \enumerate; meant \describe ?
checkRd: (-1) bmi.bmi.Rd:16: Lost braces in \enumerate; meant \describe ?
checkRd: (-1) bmi.sbp.Rd:14: Lost braces in \enumerate; meant \describe ?
checkRd: (-1) bmi.sbp.Rd:15: Lost braces in \enumerate; meant \describe ?
checkRd: (-1) bmi.sbp.Rd:16: Lost braces in \enumerate; meant \describe ?
Flavors: r-devel-linux-x86_64-debian-clang, r-devel-linux-x86_64-debian-gcc, r-devel-linux-x86_64-fedora-clang, r-devel-linux-x86_64-fedora-gcc, r-devel-windows-x86_64, r-patched-linux-x86_64