Last updated on 2024-04-20 12:51:05 CEST.
Flavor | Version | Tinstall | Tcheck | Ttotal | Status | Flags |
---|---|---|---|---|---|---|
r-devel-linux-x86_64-debian-clang | 0.2-8 | 5.06 | 128.61 | 133.67 | OK | |
r-devel-linux-x86_64-debian-gcc | 0.2-8 | 4.26 | 96.29 | 100.55 | OK | |
r-devel-linux-x86_64-fedora-clang | 0.2-8 | 178.11 | NOTE | |||
r-devel-linux-x86_64-fedora-gcc | 0.2-8 | 179.90 | NOTE | |||
r-prerel-macos-arm64 | 0.2-8 | 61.00 | OK | |||
r-prerel-windows-x86_64 | 0.2-8 | 10.00 | 141.00 | 151.00 | OK | |
r-patched-linux-x86_64 | 0.2-8 | 4.68 | 132.83 | 137.51 | OK | |
r-release-linux-x86_64 | 0.2-8 | 3.19 | 124.73 | 127.92 | OK | |
r-release-macos-arm64 | 0.2-8 | 85.00 | OK | |||
r-release-macos-x86_64 | 0.2-8 | 182.00 | OK | |||
r-release-windows-x86_64 | 0.2-8 | 11.00 | 153.00 | 164.00 | OK | |
r-oldrel-macos-arm64 | 0.2-8 | 71.00 | OK | |||
r-oldrel-windows-x86_64 | 0.2-8 | 10.00 | 150.00 | 160.00 | OK |
Version: 0.2-8
Check: data for non-ASCII characters
Result: NOTE
Note: found 121 marked UTF-8 strings
Flavors: r-devel-linux-x86_64-fedora-clang, r-devel-linux-x86_64-fedora-gcc