Last updated on 2023-04-02 06:50:34 CEST.
Flavor | Version | Tinstall | Tcheck | Ttotal | Status | Flags |
---|---|---|---|---|---|---|
r-devel-linux-x86_64-debian-clang | 0.3.0 | 8.72 | 96.54 | 105.26 | OK | |
r-devel-linux-x86_64-debian-gcc | 0.3.0 | 7.22 | 70.48 | 77.70 | OK | |
r-devel-linux-x86_64-fedora-clang | 0.3.0 | 126.63 | NOTE | |||
r-devel-linux-x86_64-fedora-gcc | 0.3.0 | 142.78 | NOTE | |||
r-devel-windows-x86_64 | 0.3.0 | 17.00 | 137.00 | 154.00 | OK | |
r-patched-linux-x86_64 | 0.3.0 | 6.37 | 88.81 | 95.18 | OK | |
r-release-linux-x86_64 | 0.3.0 | 7.03 | 91.34 | 98.37 | OK | |
r-release-macos-arm64 | 0.3.0 | 45.00 | NOTE | |||
r-release-macos-x86_64 | 0.3.0 | 71.00 | NOTE | |||
r-release-windows-x86_64 | 0.3.0 | 46.00 | 147.00 | 193.00 | OK | |
r-oldrel-macos-arm64 | 0.3.0 | 55.00 | NOTE | |||
r-oldrel-macos-x86_64 | 0.3.0 | 66.00 | NOTE | |||
r-oldrel-windows-ix86+x86_64 | 0.3.0 | 20.00 | 127.00 | 147.00 | OK |
Version: 0.3.0
Check: dependencies in R code
Result: NOTE
Namespaces in Imports field not imported from:
‘MASS’ ‘caret’ ‘ggformula’ ‘knitr’ ‘testthat’ ‘tidyverse’
All declared Imports should be used.
Flavors: r-devel-linux-x86_64-fedora-clang, r-devel-linux-x86_64-fedora-gcc, r-release-macos-arm64, r-release-macos-x86_64, r-oldrel-macos-arm64, r-oldrel-macos-x86_64