Last updated on 2024-04-19 06:03:25 CEST.
Flavor | Version | Tinstall | Tcheck | Ttotal | Status | Flags |
---|---|---|---|---|---|---|
r-devel-linux-x86_64-debian-clang | 0.6.1 | 16.23 | 226.59 | 242.82 | OK | |
r-devel-linux-x86_64-debian-gcc | 0.6.1 | OK | ||||
r-devel-linux-x86_64-fedora-clang | 0.6.1 | 312.73 | NOTE | |||
r-devel-linux-x86_64-fedora-gcc | 0.6.1 | 298.37 | NOTE | |||
r-prerel-macos-arm64 | 0.6.1 | 80.00 | OK | |||
r-prerel-macos-x86_64 | 0.6.1 | 149.00 | OK | |||
r-prerel-windows-x86_64 | 0.6.1 | 19.00 | 174.00 | 193.00 | OK | |
r-patched-linux-x86_64 | 0.6.1 | 22.25 | 214.42 | 236.67 | OK | |
r-release-linux-x86_64 | 0.6.1 | 17.37 | 216.78 | 234.15 | OK | |
r-release-macos-arm64 | 0.6.1 | 88.00 | OK | |||
r-release-macos-x86_64 | 0.6.1 | 154.00 | OK | |||
r-release-windows-x86_64 | 0.6.1 | 26.00 | 225.00 | 251.00 | OK | |
r-oldrel-macos-arm64 | 0.6.1 | 85.00 | OK | |||
r-oldrel-windows-x86_64 | 0.6.1 | 25.00 | 224.00 | 249.00 | OK |
Version: 0.6.1
Check: data for non-ASCII characters
Result: NOTE
Note: found 56 marked UTF-8 strings
Flavors: r-devel-linux-x86_64-fedora-clang, r-devel-linux-x86_64-fedora-gcc