Last updated on 2024-03-28 12:50:40 CET.
Flavor | Version | Tinstall | Tcheck | Ttotal | Status | Flags |
---|---|---|---|---|---|---|
r-devel-linux-x86_64-debian-clang | 3.3.2 | 14.03 | 374.70 | 388.73 | NOTE | |
r-devel-linux-x86_64-debian-gcc | 3.3.2 | 12.78 | 268.95 | 281.73 | NOTE | |
r-devel-linux-x86_64-fedora-clang | 3.3.2 | 442.53 | NOTE | |||
r-devel-linux-x86_64-fedora-gcc | 3.3.2 | 484.43 | NOTE | |||
r-devel-windows-x86_64 | 3.3.2 | 16.00 | 250.00 | 266.00 | NOTE | --no-vignettes |
r-patched-linux-x86_64 | 3.3.2 | 13.08 | 371.39 | 384.47 | NOTE | |
r-release-linux-x86_64 | 3.3.2 | 10.18 | 375.77 | 385.95 | OK | |
r-release-macos-arm64 | 3.3.2 | 138.00 | OK | |||
r-release-macos-x86_64 | 3.3.2 | 237.00 | OK | |||
r-release-windows-x86_64 | 3.3.2 | 21.00 | 279.00 | 300.00 | OK | --no-vignettes |
r-oldrel-macos-arm64 | 3.3.2 | 123.00 | OK | |||
r-oldrel-windows-x86_64 | 3.3.2 | 23.00 | 275.00 | 298.00 | OK | --no-vignettes |
Version: 3.3.2
Check: Rd files
Result: NOTE
checkRd: (-1) plot.LCx.Rd:34: Lost braces
34 | \\code{LCx} class. It plots the survival probability as a function of concentration.
| ^
Flavors: r-devel-linux-x86_64-debian-clang, r-devel-linux-x86_64-debian-gcc, r-devel-linux-x86_64-fedora-clang, r-devel-linux-x86_64-fedora-gcc, r-patched-linux-x86_64
Version: 3.3.2
Check: compiled code
Result: NOTE
File ‘morse/libs/morse.so’:
Found no calls to: ‘R_registerRoutines’, ‘R_useDynamicSymbols’
It is good practice to register native routines and to disable symbol
search.
See ‘Writing portable packages’ in the ‘Writing R Extensions’ manual.
Flavors: r-devel-linux-x86_64-fedora-clang, r-devel-linux-x86_64-fedora-gcc
Version: 3.3.2
Flags: --no-vignettes
Check: Rd files
Result: NOTE
checkRd: (-1) plot.LCx.Rd:34: Lost braces
34 | \\code{LCx} class. It plots the survival probability as a function of concentration.
| ^
Flavor: r-devel-windows-x86_64