CRAN Package Check Results for Package moreparty

Last updated on 2025-04-15 12:49:25 CEST.

Flavor Version Tinstall Tcheck Ttotal Status Flags
r-devel-linux-x86_64-debian-clang 0.4 13.88 210.88 224.76 NOTE
r-devel-linux-x86_64-debian-gcc 0.4 10.04 157.21 167.25 NOTE
r-devel-linux-x86_64-fedora-clang 0.4 368.95 OK
r-devel-linux-x86_64-fedora-gcc 0.4 346.29 OK
r-devel-windows-x86_64 0.4 16.00 227.00 243.00 NOTE
r-patched-linux-x86_64 0.4 13.44 207.76 221.20 NOTE
r-release-linux-x86_64 0.4 12.84 206.56 219.40 NOTE
r-release-macos-arm64 0.4 129.00 OK
r-release-macos-x86_64 0.4 281.00 OK
r-release-windows-x86_64 0.4 14.00 213.00 227.00 NOTE
r-oldrel-macos-arm64 0.4 116.00 OK
r-oldrel-macos-x86_64 0.4 158.00 OK
r-oldrel-windows-x86_64 0.4 20.00 257.00 277.00 OK

Check Details

Version: 0.4
Check: Rd cross-references
Result: NOTE Found the following Rd file(s) with Rd \link{} targets missing package anchors: GetAleData.Rd: cforest, foreach, FeatureEffect, iml GetInteractionStrength.Rd: cforest, vip GetPartialData.Rd: cforest, partial, foreach, pdp fastcforest.Rd: ForestControl-class, cforest_control, ptrafo, cforest, RandomForest-class fastvarImp.Rd: varImp, cforest ggVarImp.Rd: varImp, varImpAUC Please provide package anchors for all Rd \link{} targets not in the package itself and the base packages. Flavors: r-devel-linux-x86_64-debian-clang, r-devel-linux-x86_64-debian-gcc, r-devel-windows-x86_64, r-patched-linux-x86_64, r-release-linux-x86_64, r-release-windows-x86_64