Last updated on 2024-03-28 12:50:40 CET.
Flavor | Version | Tinstall | Tcheck | Ttotal | Status | Flags |
---|---|---|---|---|---|---|
r-devel-linux-x86_64-debian-clang | 3.5.4 | 244.60 | 312.49 | 557.09 | OK | |
r-devel-linux-x86_64-debian-gcc | 3.5.4 | 200.14 | 219.46 | 419.60 | OK | |
r-devel-linux-x86_64-fedora-clang | 3.5.4 | 760.82 | OK | |||
r-devel-linux-x86_64-fedora-gcc | 3.5.4 | 766.83 | OK | |||
r-devel-windows-x86_64 | 3.5.4 | 199.00 | 262.00 | 461.00 | OK | |
r-patched-linux-x86_64 | 3.5.4 | 239.74 | 302.88 | 542.62 | OK | |
r-release-linux-x86_64 | 3.5.4 | 256.35 | 305.45 | 561.80 | OK | |
r-release-macos-arm64 | 3.5.4 | 231.00 | NOTE | |||
r-release-macos-x86_64 | 3.5.4 | 331.00 | NOTE | |||
r-release-windows-x86_64 | 3.5.4 | 245.00 | 327.00 | 572.00 | OK | |
r-oldrel-macos-arm64 | 3.5.4 | 187.00 | NOTE | |||
r-oldrel-windows-x86_64 | 3.5.4 | 247.00 | 342.00 | 589.00 | OK |
Version: 3.5.4
Check: installed package size
Result: NOTE
installed size is 9.8Mb
sub-directories of 1Mb or more:
libs 8.2Mb
Flavors: r-release-macos-arm64, r-release-macos-x86_64, r-oldrel-macos-arm64