Last updated on 2023-02-06 02:52:42 CET.
Flavor | Version | Tinstall | Tcheck | Ttotal | Status | Flags |
---|---|---|---|---|---|---|
r-devel-linux-x86_64-debian-clang | 0.2.2 | 40.79 | 574.23 | 615.02 | OK | |
r-devel-linux-x86_64-debian-gcc | 0.2.2 | 31.35 | 415.50 | 446.85 | OK | |
r-devel-linux-x86_64-fedora-clang | 0.2.2 | 748.11 | NOTE | |||
r-devel-linux-x86_64-fedora-gcc | 0.2.2 | 710.67 | NOTE | |||
r-devel-windows-x86_64 | 0.2.2 | 111.00 | 586.00 | 697.00 | OK | |
r-patched-linux-x86_64 | 0.2.2 | 37.58 | 545.39 | 582.97 | OK | |
r-release-linux-x86_64 | 0.2.2 | 36.33 | 528.86 | 565.19 | OK | |
r-release-macos-arm64 | 0.2.2 | 148.00 | NOTE | |||
r-release-macos-x86_64 | 0.2.2 | 190.00 | NOTE | |||
r-release-windows-x86_64 | 0.2.2 | 106.00 | 466.00 | 572.00 | OK | |
r-oldrel-macos-arm64 | 0.2.2 | 146.00 | NOTE | |||
r-oldrel-macos-x86_64 | 0.2.2 | 192.00 | NOTE | |||
r-oldrel-windows-ix86+x86_64 | 0.2.2 | 87.00 | 606.00 | 693.00 | OK |
Version: 0.2.2
Check: package dependencies
Result: NOTE
Imports includes 24 non-default packages.
Importing from so many packages makes the package vulnerable to any of
them becoming unavailable. Move as many as possible to Suggests and
use conditionally.
Flavor: r-devel-linux-x86_64-fedora-clang
Version: 0.2.2
Check: dependencies in R code
Result: NOTE
Namespaces in Imports field not imported from:
‘crayon’ ‘dials’ ‘glue’ ‘parsnip’
All declared Imports should be used.
Flavors: r-devel-linux-x86_64-fedora-clang, r-devel-linux-x86_64-fedora-gcc, r-release-macos-arm64, r-release-macos-x86_64, r-oldrel-macos-arm64, r-oldrel-macos-x86_64