CRAN Package Check Results for Package modeltime.resample

Last updated on 2022-07-04 06:51:29 CEST.

Flavor Version Tinstall Tcheck Ttotal Status Flags
r-devel-linux-x86_64-debian-clang 0.2.1 35.78 418.96 454.74 OK
r-devel-linux-x86_64-debian-gcc 0.2.1 30.24 305.31 335.55 OK
r-devel-linux-x86_64-fedora-clang 0.2.1 501.23 NOTE
r-devel-linux-x86_64-fedora-gcc 0.2.1 535.26 NOTE
r-devel-windows-x86_64 0.2.1 86.00 404.00 490.00 OK
r-patched-linux-x86_64 0.2.1 35.34 390.35 425.69 OK
r-release-linux-x86_64 0.2.1 28.73 402.49 431.22 OK
r-release-macos-arm64 0.2.1 147.00 NOTE
r-release-macos-x86_64 0.2.1 186.00 NOTE
r-release-windows-x86_64 0.2.1 109.00 377.00 486.00 OK
r-oldrel-macos-arm64 0.2.1 160.00 NOTE
r-oldrel-macos-x86_64 0.2.1 176.00 NOTE
r-oldrel-windows-ix86+x86_64 0.2.1 80.00 459.00 539.00 OK

Check Details

Version: 0.2.1
Check: package dependencies
Result: NOTE
    Imports includes 24 non-default packages.
    Importing from so many packages makes the package vulnerable to any of
    them becoming unavailable. Move as many as possible to Suggests and
    use conditionally.
Flavor: r-devel-linux-x86_64-fedora-clang

Version: 0.2.1
Check: dependencies in R code
Result: NOTE
    Namespaces in Imports field not imported from:
     ‘crayon’ ‘dials’ ‘glue’ ‘parsnip’
     All declared Imports should be used.
Flavors: r-devel-linux-x86_64-fedora-clang, r-devel-linux-x86_64-fedora-gcc, r-release-macos-arm64, r-release-macos-x86_64, r-oldrel-macos-arm64, r-oldrel-macos-x86_64