Last updated on 2024-04-23 12:49:34 CEST.
Flavor | Version | Tinstall | Tcheck | Ttotal | Status | Flags |
---|---|---|---|---|---|---|
r-devel-linux-x86_64-debian-clang | 2.0.0 | 10.74 | 88.81 | 99.55 | NOTE | |
r-devel-linux-x86_64-debian-gcc | 2.0.0 | 9.32 | 63.88 | 73.20 | NOTE | |
r-devel-linux-x86_64-fedora-clang | 2.0.0 | 126.25 | NOTE | |||
r-devel-linux-x86_64-fedora-gcc | 2.0.0 | 110.95 | NOTE | |||
r-prerel-macos-arm64 | 2.0.0 | 35.00 | OK | |||
r-prerel-macos-x86_64 | 2.0.0 | 90.00 | OK | |||
r-prerel-windows-x86_64 | 2.0.0 | 12.00 | 86.00 | 98.00 | OK | |
r-patched-linux-x86_64 | 2.0.0 | 12.84 | 82.96 | 95.80 | NOTE | |
r-release-linux-x86_64 | 2.0.0 | 10.58 | 83.32 | 93.90 | NOTE | |
r-release-macos-arm64 | 2.0.0 | 40.00 | OK | |||
r-release-macos-x86_64 | 2.0.0 | 85.00 | OK | |||
r-release-windows-x86_64 | 2.0.0 | 18.00 | 101.00 | 119.00 | OK | |
r-oldrel-macos-arm64 | 2.0.0 | 41.00 | OK | |||
r-oldrel-windows-x86_64 | 2.0.0 | 16.00 | 93.00 | 109.00 | OK |
Version: 2.0.0
Check: package dependencies
Result: NOTE
Package suggested but not available for checking: ‘margins’
Flavors: r-devel-linux-x86_64-debian-clang, r-devel-linux-x86_64-debian-gcc, r-devel-linux-x86_64-fedora-clang, r-devel-linux-x86_64-fedora-gcc, r-patched-linux-x86_64, r-release-linux-x86_64