CRAN Package Check Results for Package modelfactory

Last updated on 2024-05-23 21:50:47 CEST.

Flavor Version Tinstall Tcheck Ttotal Status Flags
r-devel-linux-x86_64-debian-clang 1.0.0 2.27 32.45 34.72 OK
r-devel-linux-x86_64-debian-gcc 1.0.0 1.61 24.46 26.07 OK
r-devel-linux-x86_64-fedora-clang 1.0.0 43.72 NOTE
r-devel-linux-x86_64-fedora-gcc 1.0.0 39.79 NOTE
r-devel-windows-x86_64 1.0.0 3.00 46.00 49.00 OK
r-patched-linux-x86_64 1.0.0 6.25 30.92 37.17 OK
r-release-linux-x86_64 1.0.0 2.01 30.56 32.57 OK
r-release-macos-arm64 1.0.0 16.00 OK
r-release-macos-x86_64 1.0.0 33.00 OK
r-release-windows-x86_64 1.0.0 5.00 46.00 51.00 OK
r-oldrel-macos-arm64 1.0.0 27.00 OK
r-oldrel-macos-x86_64 1.0.0 31.00 OK
r-oldrel-windows-x86_64 1.0.0 4.00 53.00 57.00 OK

Check Details

Version: 1.0.0
Check: dependencies in R code
Result: NOTE Namespace in Imports field not imported from: ‘MASS’ All declared Imports should be used. Flavors: r-devel-linux-x86_64-fedora-clang, r-devel-linux-x86_64-fedora-gcc