Last updated on 2024-04-19 03:56:27 CEST.
Flavor | Version | Tinstall | Tcheck | Ttotal | Status | Flags |
---|---|---|---|---|---|---|
r-devel-linux-x86_64-debian-clang | 1.3.0 | 21.55 | 58.15 | 79.70 | OK | |
r-devel-linux-x86_64-debian-gcc | 1.3.0 | 18.06 | 44.93 | 62.99 | OK | |
r-devel-linux-x86_64-fedora-clang | 1.3.0 | 104.34 | NOTE | |||
r-devel-linux-x86_64-fedora-gcc | 1.3.0 | 98.54 | NOTE | |||
r-prerel-macos-arm64 | 1.3.0 | 40.00 | NOTE | |||
r-prerel-windows-x86_64 | 1.3.0 | 22.00 | 71.00 | 93.00 | OK | |
r-patched-linux-x86_64 | 1.3.0 | 24.68 | 55.93 | 80.61 | OK | |
r-release-linux-x86_64 | 1.3.0 | 21.50 | 55.42 | 76.92 | OK | |
r-release-macos-arm64 | 1.3.0 | 44.00 | NOTE | |||
r-release-macos-x86_64 | 1.3.0 | 65.00 | NOTE | |||
r-release-windows-x86_64 | 1.3.0 | 27.00 | 86.00 | 113.00 | OK | |
r-oldrel-macos-arm64 | 1.3.0 | 47.00 | NOTE | |||
r-oldrel-windows-x86_64 | 1.3.0 | 29.00 | 85.00 | 114.00 | OK |
Version: 1.3.0
Check: installed package size
Result: NOTE
installed size is 5.0Mb
sub-directories of 1Mb or more:
data 4.8Mb
Flavors: r-devel-linux-x86_64-fedora-clang, r-prerel-macos-arm64, r-release-macos-arm64, r-release-macos-x86_64, r-oldrel-macos-arm64
Version: 1.3.0
Check: Rd cross-references
Result: NOTE
Undeclared package ‘caret’ in Rd xrefs
Flavor: r-devel-linux-x86_64-fedora-clang
Version: 1.3.0
Check: data for non-ASCII characters
Result: NOTE
Note: found 313 marked UTF-8 strings
Flavors: r-devel-linux-x86_64-fedora-clang, r-devel-linux-x86_64-fedora-gcc