Last updated on 2024-03-29 12:54:10 CET.
Flavor | Version | Tinstall | Tcheck | Ttotal | Status | Flags |
---|---|---|---|---|---|---|
r-devel-linux-x86_64-debian-clang | 1.1 | 6.19 | 147.07 | 153.26 | NOTE | |
r-devel-linux-x86_64-debian-gcc | 1.1 | 5.64 | 127.92 | 133.56 | NOTE | |
r-devel-linux-x86_64-fedora-clang | 1.1 | 237.77 | NOTE | |||
r-devel-linux-x86_64-fedora-gcc | 1.1 | 241.22 | NOTE | |||
r-devel-windows-x86_64 | 1.1 | 8.00 | 127.00 | 135.00 | NOTE | |
r-patched-linux-x86_64 | 1.1 | 4.43 | 139.11 | 143.54 | NOTE | |
r-release-linux-x86_64 | 1.1 | 4.28 | 140.70 | 144.98 | NOTE | |
r-release-macos-arm64 | 1.1 | 69.00 | NOTE | |||
r-release-macos-x86_64 | 1.1 | 92.00 | NOTE | |||
r-release-windows-x86_64 | 1.1 | 10.00 | 154.00 | 164.00 | NOTE | |
r-oldrel-macos-arm64 | 1.1 | 64.00 | NOTE | |||
r-oldrel-windows-x86_64 | 1.1 | 11.00 | 161.00 | 172.00 | NOTE |
Version: 1.1
Check: Rd files
Result: NOTE
checkRd: (-1) modelDown.Rd:28: Lost braces in \itemize; meant \describe ?
checkRd: (-1) modelDown.Rd:29: Lost braces in \itemize; meant \describe ?
checkRd: (-1) modelDown.Rd:30: Lost braces in \itemize; meant \describe ?
checkRd: (-1) modelDown.Rd:31: Lost braces in \itemize; meant \describe ?
Flavors: r-devel-linux-x86_64-debian-clang, r-devel-linux-x86_64-debian-gcc, r-devel-linux-x86_64-fedora-clang, r-devel-linux-x86_64-fedora-gcc, r-devel-windows-x86_64, r-patched-linux-x86_64
Version: 1.1
Check: LazyData
Result: NOTE
'LazyData' is specified without a 'data' directory
Flavors: r-devel-linux-x86_64-debian-clang, r-devel-linux-x86_64-debian-gcc, r-devel-linux-x86_64-fedora-clang, r-devel-linux-x86_64-fedora-gcc, r-devel-windows-x86_64, r-patched-linux-x86_64, r-release-linux-x86_64, r-release-macos-arm64, r-release-macos-x86_64, r-release-windows-x86_64, r-oldrel-macos-arm64, r-oldrel-windows-x86_64
Version: 1.1
Check: dependencies in R code
Result: NOTE
Namespaces in Imports field not imported from:
‘DALEX’ ‘DT’ ‘auditor’ ‘breakDown’ ‘drifter’ ‘svglite’
All declared Imports should be used.
Flavors: r-devel-linux-x86_64-fedora-clang, r-devel-linux-x86_64-fedora-gcc, r-oldrel-macos-arm64