CRAN Package Check Results for Package modcmfitr

Last updated on 2020-02-18 12:47:23 CET.

Flavor Version Tinstall Tcheck Ttotal Status Flags
r-devel-linux-x86_64-debian-clang 0.1.0 2.16 68.16 70.32 OK
r-devel-linux-x86_64-debian-gcc 0.1.0 1.80 50.85 52.65 OK
r-devel-linux-x86_64-fedora-clang 0.1.0 92.42 OK
r-devel-linux-x86_64-fedora-gcc 0.1.0 81.73 OK
r-devel-windows-ix86+x86_64 0.1.0 6.00 77.00 83.00 OK
r-devel-windows-ix86+x86_64-gcc8 0.1.0 10.00 108.00 118.00 OK
r-patched-linux-x86_64 0.1.0 1.56 63.84 65.40 NOTE
r-patched-solaris-x86 0.1.0 141.90 OK
r-release-linux-x86_64 0.1.0 1.74 64.00 65.74 NOTE
r-release-windows-ix86+x86_64 0.1.0 4.00 77.00 81.00 OK
r-release-osx-x86_64 0.1.0 OK
r-oldrel-windows-ix86+x86_64 0.1.0 3.00 82.00 85.00 OK
r-oldrel-osx-x86_64 0.1.0 OK

Check Details

Version: 0.1.0
Check: DESCRIPTION meta-information
Result: NOTE
    Dependence on R version ‘3.4.2’ not with patchlevel 0
Flavors: r-patched-linux-x86_64, r-release-linux-x86_64