Last updated on 2024-04-30 21:50:18 CEST.
Flavor | Version | Tinstall | Tcheck | Ttotal | Status | Flags |
---|---|---|---|---|---|---|
r-devel-linux-x86_64-debian-clang | 2.0.1 | 8.77 | 68.76 | 77.53 | OK | |
r-devel-linux-x86_64-debian-gcc | 2.0.1 | 6.03 | 50.81 | 56.84 | OK | |
r-devel-linux-x86_64-fedora-clang | 2.0.1 | 93.25 | NOTE | |||
r-devel-linux-x86_64-fedora-gcc | 2.0.1 | 87.07 | NOTE | |||
r-devel-windows-x86_64 | 2.0.1 | 8.00 | 81.00 | 89.00 | OK | |
r-patched-linux-x86_64 | 2.0.1 | 5.67 | 65.93 | 71.60 | OK | |
r-release-linux-x86_64 | 2.0.1 | 5.12 | 63.81 | 68.93 | OK | |
r-release-macos-arm64 | 2.0.1 | 34.00 | OK | |||
r-release-macos-x86_64 | 2.0.1 | 76.00 | OK | |||
r-release-windows-x86_64 | 2.0.1 | 8.00 | 71.00 | 79.00 | OK | |
r-oldrel-macos-arm64 | 2.0.1 | 40.00 | OK | |||
r-oldrel-macos-x86_64 | 2.0.1 | 69.00 | OK | |||
r-oldrel-windows-x86_64 | 2.0.1 | 10.00 | 91.00 | 101.00 | OK |
Version: 2.0.1
Check: dependencies in R code
Result: NOTE
Namespace in Imports field not imported from: ‘tibble’
All declared Imports should be used.
Flavors: r-devel-linux-x86_64-fedora-clang, r-devel-linux-x86_64-fedora-gcc