CRAN Package Check Results for Package mobsim

Last updated on 2020-10-01 21:47:10 CEST.

Flavor Version Tinstall Tcheck Ttotal Status Flags
r-devel-linux-x86_64-debian-clang 0.1.0 28.89 94.78 123.67 OK
r-devel-linux-x86_64-debian-gcc 0.1.0 20.83 71.85 92.68 OK
r-devel-linux-x86_64-fedora-clang 0.1.0 165.95 NOTE
r-devel-linux-x86_64-fedora-gcc 0.1.0 151.18 NOTE
r-devel-windows-ix86+x86_64 0.1.0 68.00 141.00 209.00 OK
r-patched-linux-x86_64 0.1.0 26.10 91.94 118.04 OK
r-patched-solaris-x86 0.1.0 215.30 NOTE
r-release-linux-x86_64 0.1.0 25.95 93.15 119.10 OK
r-release-macos-x86_64 0.1.0 NOTE
r-release-windows-ix86+x86_64 0.1.0 69.00 160.00 229.00 OK
r-oldrel-macos-x86_64 0.1.0 NOTE
r-oldrel-windows-ix86+x86_64 0.1.0 63.00 146.00 209.00 OK

Check Details

Version: 0.1.0
Check: dependencies in R code
Result: NOTE
    Namespace in Imports field not imported from: ‘sads’
     All declared Imports should be used.
Flavors: r-devel-linux-x86_64-fedora-clang, r-devel-linux-x86_64-fedora-gcc, r-patched-solaris-x86, r-release-macos-x86_64, r-oldrel-macos-x86_64