Last updated on 2023-03-23 03:53:25 CET.
Flavor | Version | Tinstall | Tcheck | Ttotal | Status | Flags |
---|---|---|---|---|---|---|
r-devel-linux-x86_64-debian-clang | 0.2.1 | 2.65 | 40.21 | 42.86 | NOTE | |
r-devel-linux-x86_64-debian-gcc | 0.2.1 | 1.85 | 31.19 | 33.04 | NOTE | |
r-devel-linux-x86_64-fedora-clang | 0.2.1 | 55.38 | NOTE | |||
r-devel-linux-x86_64-fedora-gcc | 0.2.1 | 62.93 | NOTE | |||
r-patched-linux-x86_64 | 0.2.1 | 2.22 | 40.82 | 43.04 | OK | |
r-release-linux-x86_64 | 0.2.1 | 2.28 | 40.41 | 42.69 | OK | |
r-release-macos-arm64 | 0.2.1 | 19.00 | OK | |||
r-release-macos-x86_64 | 0.2.1 | 27.00 | OK | |||
r-release-windows-x86_64 | 0.2.1 | 37.00 | 141.00 | 178.00 | OK | |
r-oldrel-macos-arm64 | 0.2.1 | 25.00 | OK | |||
r-oldrel-macos-x86_64 | 0.2.1 | 36.00 | OK | |||
r-oldrel-windows-ix86+x86_64 | 0.2.1 | 6.00 | 69.00 | 75.00 | OK |
Version: 0.2.1
Check: package subdirectories
Result: NOTE
Problems with news in ‘NEWS.md’:
No news entries found.
Flavors: r-devel-linux-x86_64-debian-clang, r-devel-linux-x86_64-debian-gcc, r-devel-linux-x86_64-fedora-clang, r-devel-linux-x86_64-fedora-gcc