Last updated on 2023-03-31 21:53:08 CEST.
Flavor | Version | Tinstall | Tcheck | Ttotal | Status | Flags |
---|---|---|---|---|---|---|
r-devel-linux-x86_64-debian-clang | 1.3 | 4.66 | 63.05 | 67.71 | OK | |
r-devel-linux-x86_64-debian-gcc | 1.3 | 3.60 | 45.61 | 49.21 | OK | |
r-devel-linux-x86_64-fedora-clang | 1.3 | 82.40 | NOTE | |||
r-devel-linux-x86_64-fedora-gcc | 1.3 | 79.58 | OK | |||
r-devel-windows-x86_64 | 1.3 | 8.00 | 0.00 | 8.00 | OK | |
r-patched-linux-x86_64 | 1.3 | 6.16 | 59.47 | 65.63 | OK | |
r-release-linux-x86_64 | 1.3 | 4.47 | 59.41 | 63.88 | OK | |
r-release-macos-arm64 | 1.3 | 21.00 | OK | |||
r-release-macos-x86_64 | 1.3 | 33.00 | OK | |||
r-release-windows-x86_64 | 1.3 | 21.00 | 90.00 | 111.00 | OK | |
r-oldrel-macos-arm64 | 1.3 | 27.00 | OK | |||
r-oldrel-macos-x86_64 | 1.3 | 48.00 | OK | |||
r-oldrel-windows-ix86+x86_64 | 1.3 | 10.00 | 88.00 | 98.00 | OK |
Version: 1.3
Check: Rd cross-references
Result: NOTE
Undeclared package ‘energy’ in Rd xrefs
Flavor: r-devel-linux-x86_64-fedora-clang