CRAN Package Check Results for Package mnormt

Last updated on 2020-04-04 12:49:11 CEST.

Flavor Version Tinstall Tcheck Ttotal Status Flags
r-devel-linux-x86_64-debian-clang 1.5-6 4.35 19.27 23.62 OK
r-devel-linux-x86_64-debian-gcc 1.5-6 2.88 15.31 18.19 OK
r-devel-linux-x86_64-fedora-clang 1.5-6 29.98 NOTE
r-devel-linux-x86_64-fedora-gcc 1.5-6 29.51 NOTE
r-devel-windows-ix86+x86_64 1.5-6 12.00 54.00 66.00 OK
r-devel-windows-ix86+x86_64-gcc8 1.5-6 12.00 39.00 51.00 OK
r-patched-linux-x86_64 1.5-6 4.17 18.76 22.93 OK
r-patched-solaris-x86 1.5-6 47.50 OK
r-release-linux-x86_64 1.5-6 3.25 17.75 21.00 OK
r-release-windows-ix86+x86_64 1.5-6 15.00 60.00 75.00 OK
r-release-osx-x86_64 1.5-6 OK
r-oldrel-windows-ix86+x86_64 1.5-6 10.00 36.00 46.00 OK
r-oldrel-osx-x86_64 1.5-6 OK

Check Details

Version: 1.5-6
Check: compiled code
Result: NOTE
    File ‘mnormt/libs/mnormt.so’:
     Found no calls to: ‘R_registerRoutines’, ‘R_useDynamicSymbols’
    
    It is good practice to register native routines and to disable symbol
    search.
    
    See ‘Writing portable packages’ in the ‘Writing R Extensions’ manual.
Flavors: r-devel-linux-x86_64-fedora-clang, r-devel-linux-x86_64-fedora-gcc