Last updated on 2023-03-23 03:53:25 CET.
Flavor | Version | Tinstall | Tcheck | Ttotal | Status | Flags |
---|---|---|---|---|---|---|
r-devel-linux-x86_64-debian-clang | 1.0.0 | 2.14 | 23.66 | 25.80 | NOTE | |
r-devel-linux-x86_64-debian-gcc | 1.0.0 | 1.95 | 19.09 | 21.04 | NOTE | |
r-devel-linux-x86_64-fedora-clang | 1.0.0 | 36.51 | NOTE | |||
r-devel-linux-x86_64-fedora-gcc | 1.0.0 | 44.10 | NOTE | |||
r-patched-linux-x86_64 | 1.0.0 | 2.60 | 24.94 | 27.54 | NOTE | |
r-release-linux-x86_64 | 1.0.0 | 2.18 | 25.18 | 27.36 | NOTE | |
r-release-macos-arm64 | 1.0.0 | 20.00 | NOTE | |||
r-release-macos-x86_64 | 1.0.0 | 22.00 | NOTE | |||
r-release-windows-x86_64 | 1.0.0 | 15.00 | 86.00 | 101.00 | NOTE | |
r-oldrel-macos-arm64 | 1.0.0 | 20.00 | NOTE | |||
r-oldrel-macos-x86_64 | 1.0.0 | 33.00 | NOTE | |||
r-oldrel-windows-ix86+x86_64 | 1.0.0 | 6.00 | 54.00 | 60.00 | NOTE |
Version: 1.0.0
Check: LazyData
Result: NOTE
'LazyData' is specified without a 'data' directory
Flavors: r-devel-linux-x86_64-debian-clang, r-devel-linux-x86_64-debian-gcc, r-devel-linux-x86_64-fedora-clang, r-devel-linux-x86_64-fedora-gcc, r-patched-linux-x86_64, r-release-linux-x86_64, r-release-macos-arm64, r-release-macos-x86_64, r-release-windows-x86_64, r-oldrel-macos-arm64, r-oldrel-macos-x86_64, r-oldrel-windows-ix86+x86_64