Last updated on 2023-04-01 07:10:44 CEST.
Flavor | Version | Tinstall | Tcheck | Ttotal | Status | Flags |
---|---|---|---|---|---|---|
r-devel-linux-x86_64-debian-clang | 1.0.1 | 172.62 | 92.07 | 264.69 | OK | |
r-devel-linux-x86_64-debian-gcc | 1.0.1 | 128.69 | 73.90 | 202.59 | OK | |
r-devel-linux-x86_64-fedora-clang | 1.0.1 | 352.35 | OK | |||
r-devel-linux-x86_64-fedora-gcc | 1.0.1 | 356.25 | OK | |||
r-devel-windows-x86_64 | 1.0.1 | 128.00 | 0.00 | 128.00 | OK | |
r-patched-linux-x86_64 | 1.0.1 | 133.47 | 96.53 | 230.00 | OK | |
r-release-linux-x86_64 | 1.0.1 | 130.32 | 94.50 | 224.82 | OK | |
r-release-macos-arm64 | 1.0.1 | 86.00 | NOTE | |||
r-release-macos-x86_64 | 1.0.1 | 109.00 | NOTE | |||
r-release-windows-x86_64 | 1.0.1 | 121.00 | 153.00 | 274.00 | OK | |
r-oldrel-macos-arm64 | 1.0.1 | 81.00 | NOTE | |||
r-oldrel-macos-x86_64 | 1.0.1 | 109.00 | NOTE | |||
r-oldrel-windows-ix86+x86_64 | 1.0.1 | 366.00 | 220.00 | 586.00 | OK |
Version: 1.0.1
Check: installed package size
Result: NOTE
installed size is 15.6Mb
sub-directories of 1Mb or more:
libs 15.4Mb
Flavors: r-release-macos-arm64, r-release-macos-x86_64, r-oldrel-macos-arm64, r-oldrel-macos-x86_64