CRAN Package Check Results for Package mniw

Last updated on 2020-09-24 12:50:46 CEST.

Flavor Version Tinstall Tcheck Ttotal Status Flags
r-devel-linux-x86_64-debian-clang 1.0 162.36 88.74 251.10 OK
r-devel-linux-x86_64-debian-gcc 1.0 123.84 66.60 190.44 OK
r-devel-linux-x86_64-fedora-clang 1.0 382.10 NOTE
r-devel-linux-x86_64-fedora-gcc 1.0 326.54 OK
r-devel-windows-ix86+x86_64 1.0 360.00 198.00 558.00 OK
r-patched-linux-x86_64 1.0 133.90 86.53 220.43 OK
r-patched-solaris-x86 1.0 270.10 OK
r-release-linux-x86_64 1.0 133.60 85.93 219.53 OK
r-release-macos-x86_64 1.0 NOTE
r-release-windows-ix86+x86_64 1.0 300.00 206.00 506.00 OK
r-oldrel-macos-x86_64 1.0 NOTE
r-oldrel-windows-ix86+x86_64 1.0 226.00 190.00 416.00 OK

Check Details

Version: 1.0
Check: installed package size
Result: NOTE
     installed size is 18.2Mb
     sub-directories of 1Mb or more:
     libs 17.9Mb
Flavors: r-devel-linux-x86_64-fedora-clang, r-release-macos-x86_64, r-oldrel-macos-x86_64