Last updated on 2023-10-04 13:01:18 CEST.
Flavor | Version | Tinstall | Tcheck | Ttotal | Status | Flags |
---|---|---|---|---|---|---|
r-devel-linux-x86_64-debian-clang | 1.0.9 | 3.56 | 57.88 | 61.44 | OK | |
r-devel-linux-x86_64-debian-gcc | 1.0.9 | 2.25 | 42.18 | 44.43 | OK | |
r-devel-linux-x86_64-fedora-clang | 1.0.9 | 76.77 | NOTE | |||
r-devel-linux-x86_64-fedora-gcc | 1.0.9 | 72.13 | NOTE | |||
r-devel-windows-x86_64 | 1.0.9 | 4.00 | 63.00 | 67.00 | OK | |
r-patched-linux-x86_64 | 1.0.9 | 2.06 | 55.38 | 57.44 | OK | |
r-release-linux-x86_64 | 1.0.9 | 2.06 | 55.65 | 57.71 | OK | |
r-release-macos-arm64 | 1.0.9 | 26.00 | OK | |||
r-release-macos-x86_64 | 1.0.9 | 37.00 | OK | |||
r-release-windows-x86_64 | 1.0.9 | 14.00 | 75.00 | 89.00 | OK | |
r-oldrel-macos-arm64 | 1.0.9 | 21.00 | OK | |||
r-oldrel-macos-x86_64 | 1.0.9 | 34.00 | OK | |||
r-oldrel-windows-x86_64 | 1.0.9 | 6.00 | 76.00 | 82.00 | OK |
Version: 1.0.9
Check: dependencies in R code
Result: NOTE
Namespaces in Imports field not imported from:
‘MASS’ ‘Matrix’ ‘magrittr’ ‘reticulate’ ‘tensorflow’ ‘usethis’
All declared Imports should be used.
Flavors: r-devel-linux-x86_64-fedora-clang, r-devel-linux-x86_64-fedora-gcc