Last updated on 2022-05-28 21:50:45 CEST.
Flavor | Version | Tinstall | Tcheck | Ttotal | Status | Flags |
---|---|---|---|---|---|---|
r-devel-linux-x86_64-debian-clang | 0.0.5 | 2.88 | 50.33 | 53.21 | NOTE | |
r-devel-linux-x86_64-debian-gcc | 0.0.5 | 2.29 | 36.79 | 39.08 | NOTE | |
r-devel-linux-x86_64-fedora-clang | 0.0.5 | 64.35 | NOTE | |||
r-devel-linux-x86_64-fedora-gcc | 0.0.5 | 50.40 | NOTE | |||
r-devel-windows-x86_64 | 0.0.5 | 13.00 | 68.00 | 81.00 | NOTE | |
r-patched-linux-x86_64 | 0.0.5 | 2.42 | 47.00 | 49.42 | NOTE | |
r-release-linux-x86_64 | 0.0.5 | 2.89 | 46.25 | 49.14 | NOTE | |
r-release-macos-arm64 | 0.0.5 | 24.00 | NOTE | |||
r-release-macos-x86_64 | 0.0.5 | 30.00 | NOTE | |||
r-release-windows-x86_64 | 0.0.5 | 16.00 | 74.00 | 90.00 | NOTE | |
r-oldrel-macos-arm64 | 0.0.5 | 30.00 | NOTE | |||
r-oldrel-macos-x86_64 | 0.0.5 | 36.00 | NOTE | |||
r-oldrel-windows-ix86+x86_64 | 0.0.5 | 7.00 | 66.00 | 73.00 | NOTE |
Version: 0.0.5
Check: LazyData
Result: NOTE
'LazyData' is specified without a 'data' directory
Flavors: r-devel-linux-x86_64-debian-clang, r-devel-linux-x86_64-debian-gcc, r-devel-linux-x86_64-fedora-clang, r-devel-linux-x86_64-fedora-gcc, r-devel-windows-x86_64, r-patched-linux-x86_64, r-release-linux-x86_64, r-release-macos-arm64, r-release-macos-x86_64, r-release-windows-x86_64, r-oldrel-macos-arm64, r-oldrel-macos-x86_64, r-oldrel-windows-ix86+x86_64