CRAN Package Check Results for Package mmb

Last updated on 2022-10-06 21:49:58 CEST.

Flavor Version Tinstall Tcheck Ttotal Status Flags
r-devel-linux-x86_64-debian-clang 0.13.3 4.38 128.14 132.52 NOTE
r-devel-linux-x86_64-debian-gcc 0.13.3 3.15 89.37 92.52 NOTE
r-devel-linux-x86_64-fedora-clang 0.13.3 167.11 NOTE
r-devel-linux-x86_64-fedora-gcc 0.13.3 157.50 NOTE
r-devel-windows-x86_64 0.13.3 20.00 168.00 188.00 NOTE
r-patched-linux-x86_64 0.13.3 4.75 117.08 121.83 NOTE
r-release-linux-x86_64 0.13.3 4.15 117.30 121.45 NOTE
r-release-macos-arm64 0.13.3 44.00 NOTE
r-release-macos-x86_64 0.13.3 58.00 NOTE
r-release-windows-x86_64 0.13.3 25.00 156.00 181.00 NOTE
r-oldrel-macos-arm64 0.13.3 72.00 NOTE
r-oldrel-macos-x86_64 0.13.3 91.00 NOTE
r-oldrel-windows-ix86+x86_64 0.13.3 8.00 168.00 176.00 NOTE

Check Details

Version: 0.13.3
Check: LazyData
Result: NOTE
     'LazyData' is specified without a 'data' directory
Flavors: r-devel-linux-x86_64-debian-clang, r-devel-linux-x86_64-debian-gcc, r-devel-linux-x86_64-fedora-clang, r-devel-linux-x86_64-fedora-gcc, r-devel-windows-x86_64, r-patched-linux-x86_64, r-release-linux-x86_64, r-release-macos-arm64, r-release-macos-x86_64, r-release-windows-x86_64, r-oldrel-macos-arm64, r-oldrel-macos-x86_64, r-oldrel-windows-ix86+x86_64

Version: 0.13.3
Check: dependencies in R code
Result: NOTE
    Namespaces in Imports field not imported from:
     ‘datasets’ ‘doParallel’ ‘parallel’
     All declared Imports should be used.
Flavors: r-devel-linux-x86_64-fedora-clang, r-devel-linux-x86_64-fedora-gcc, r-release-macos-arm64, r-release-macos-x86_64, r-oldrel-macos-arm64, r-oldrel-macos-x86_64