Last updated on 2023-06-09 11:57:29 CEST.
Flavor | Version | Tinstall | Tcheck | Ttotal | Status | Flags |
---|---|---|---|---|---|---|
r-devel-linux-x86_64-debian-clang | 0.3.0 | 36.72 | 30.52 | 67.24 | NOTE | |
r-devel-linux-x86_64-debian-gcc | 0.3.0 | 28.09 | 24.09 | 52.18 | NOTE | |
r-devel-linux-x86_64-fedora-clang | 0.3.0 | 96.47 | NOTE | |||
r-devel-linux-x86_64-fedora-gcc | 0.3.0 | 94.15 | NOTE | |||
r-devel-windows-x86_64 | 0.3.0 | 39.00 | 68.00 | 107.00 | NOTE | |
r-patched-linux-x86_64 | 0.3.0 | 30.04 | 30.24 | 60.28 | NOTE | |
r-release-linux-x86_64 | 0.3.0 | 32.14 | 29.67 | 61.81 | NOTE | |
r-release-macos-arm64 | 0.3.0 | 29.00 | NOTE | |||
r-release-macos-x86_64 | 0.3.0 | 45.00 | NOTE | |||
r-release-windows-x86_64 | 0.3.0 | 48.00 | 74.00 | 122.00 | NOTE | |
r-oldrel-macos-arm64 | 0.3.0 | 28.00 | NOTE | |||
r-oldrel-macos-x86_64 | 0.3.0 | 37.00 | NOTE | |||
r-oldrel-windows-x86_64 | 0.3.0 | 50.00 | 74.00 | 124.00 | NOTE |
Version: 0.3.0
Check: C++ specification
Result: NOTE
Specified C++11: please drop specification unless essential
Flavors: r-devel-linux-x86_64-debian-clang, r-devel-linux-x86_64-debian-gcc, r-devel-linux-x86_64-fedora-clang, r-devel-linux-x86_64-fedora-gcc, r-devel-windows-x86_64, r-patched-linux-x86_64, r-release-linux-x86_64, r-release-macos-arm64, r-release-macos-x86_64, r-release-windows-x86_64
Version: 0.3.0
Check: LazyData
Result: NOTE
'LazyData' is specified without a 'data' directory
Flavors: r-devel-linux-x86_64-debian-clang, r-devel-linux-x86_64-debian-gcc, r-devel-linux-x86_64-fedora-clang, r-devel-linux-x86_64-fedora-gcc, r-devel-windows-x86_64, r-patched-linux-x86_64, r-release-linux-x86_64, r-release-macos-arm64, r-release-macos-x86_64, r-release-windows-x86_64, r-oldrel-macos-arm64, r-oldrel-macos-x86_64, r-oldrel-windows-x86_64