CRAN Package Check Results for Package mmap

Last updated on 2024-04-24 21:54:51 CEST.

Flavor Version Tinstall Tcheck Ttotal Status Flags
r-devel-linux-x86_64-debian-clang 0.6-22 9.17 41.40 50.57 NOTE
r-devel-linux-x86_64-debian-gcc 0.6-22 6.48 31.03 37.51 NOTE
r-devel-linux-x86_64-fedora-clang 0.6-22 65.26 NOTE
r-devel-linux-x86_64-fedora-gcc 0.6-22 75.22 NOTE
r-devel-windows-x86_64 0.6-22 17.00 59.00 76.00 OK
r-patched-linux-x86_64 0.6-22 8.97 38.53 47.50 OK
r-release-linux-x86_64 0.6-22 8.47 39.60 48.07 OK
r-release-macos-arm64 0.6-22 56.00 OK
r-release-windows-x86_64 0.6-22 19.00 58.00 77.00 OK
r-oldrel-macos-arm64 0.6-22 37.00 OK
r-oldrel-macos-x86_64 0.6-22 111.00 OK
r-oldrel-windows-x86_64 0.6-22 22.00 59.00 81.00 OK

Check Details

Version: 0.6-22
Check: compiled code
Result: NOTE File ‘mmap/libs/mmap.so’: Found non-API calls to R: ‘SET_ENCLOS’, ‘SET_FRAME’, ‘SET_HASHTAB’ Compiled code should not call non-API entry points in R. See ‘Writing portable packages’ in the ‘Writing R Extensions’ manual. Flavors: r-devel-linux-x86_64-debian-clang, r-devel-linux-x86_64-debian-gcc, r-devel-linux-x86_64-fedora-clang, r-devel-linux-x86_64-fedora-gcc