CRAN Package Check Results for Package mma

Last updated on 2020-05-30 12:48:16 CEST.

Flavor Version Tinstall Tcheck Ttotal Status Flags
r-devel-linux-x86_64-debian-clang 10.3-2 24.00 186.24 210.24 OK
r-devel-linux-x86_64-debian-gcc 10.3-2 20.87 138.93 159.80 OK
r-devel-linux-x86_64-fedora-clang 10.3-2 270.71 NOTE
r-devel-linux-x86_64-fedora-gcc 10.3-2 259.96 NOTE
r-devel-windows-ix86+x86_64 10.3-2 54.00 252.00 306.00 OK
r-patched-linux-x86_64 10.3-2 22.65 183.47 206.12 OK
r-patched-solaris-x86 10.3-2 321.50 NOTE
r-release-linux-x86_64 10.3-2 23.34 182.78 206.12 OK
r-release-osx-x86_64 10.3-2 NOTE
r-release-windows-ix86+x86_64 10.3-2 49.00 267.00 316.00 OK
r-oldrel-osx-x86_64 10.3-2 NOTE
r-oldrel-windows-ix86+x86_64 10.3-2 52.00 241.00 293.00 OK

Check Details

Version: 10.3-2
Check: dependencies in R code
Result: NOTE
    Namespace in Imports field not imported from: ‘plotrix’
     All declared Imports should be used.
Flavors: r-devel-linux-x86_64-fedora-clang, r-devel-linux-x86_64-fedora-gcc, r-patched-solaris-x86, r-release-osx-x86_64, r-oldrel-osx-x86_64