Last updated on 2024-04-18 03:52:01 CEST.
Flavor | Version | Tinstall | Tcheck | Ttotal | Status | Flags |
---|---|---|---|---|---|---|
r-devel-linux-x86_64-debian-clang | 0.5.0 | 5.56 | 391.70 | 397.26 | NOTE | |
r-devel-linux-x86_64-debian-gcc | 0.5.0 | 4.27 | 285.06 | 289.33 | NOTE | |
r-devel-linux-x86_64-fedora-clang | 0.5.0 | 454.81 | NOTE | |||
r-devel-linux-x86_64-fedora-gcc | 0.5.0 | 447.34 | NOTE | |||
r-prerel-macos-arm64 | 0.5.0 | 126.00 | NOTE | |||
r-prerel-windows-x86_64 | 0.5.0 | 6.00 | 270.00 | 276.00 | NOTE | |
r-patched-linux-x86_64 | 0.5.0 | 5.26 | 372.77 | 378.03 | NOTE | |
r-release-linux-x86_64 | 0.5.0 | 5.60 | 368.40 | 374.00 | NOTE | |
r-release-macos-arm64 | 0.5.0 | 144.00 | NOTE | |||
r-release-macos-x86_64 | 0.5.0 | 255.00 | NOTE | |||
r-release-windows-x86_64 | 0.5.0 | 7.00 | 413.00 | 420.00 | NOTE | |
r-oldrel-macos-arm64 | 0.5.0 | 311.00 | NOTE | |||
r-oldrel-windows-x86_64 | 0.5.0 | 7.00 | 417.00 | 424.00 | NOTE |
Version: 0.5.0
Check: package subdirectories
Result: NOTE
Problems with news in ‘NEWS.md’:
No news entries found.
Flavors: r-devel-linux-x86_64-debian-clang, r-devel-linux-x86_64-debian-gcc, r-devel-linux-x86_64-fedora-clang, r-devel-linux-x86_64-fedora-gcc, r-prerel-macos-arm64, r-prerel-windows-x86_64, r-patched-linux-x86_64, r-release-linux-x86_64, r-release-macos-arm64, r-release-macos-x86_64, r-release-windows-x86_64
Version: 0.5.0
Check: LazyData
Result: NOTE
'LazyData' is specified without a 'data' directory
Flavors: r-devel-linux-x86_64-debian-clang, r-devel-linux-x86_64-debian-gcc, r-devel-linux-x86_64-fedora-clang, r-devel-linux-x86_64-fedora-gcc, r-prerel-macos-arm64, r-prerel-windows-x86_64, r-patched-linux-x86_64, r-release-linux-x86_64, r-release-macos-arm64, r-release-macos-x86_64, r-release-windows-x86_64, r-oldrel-macos-arm64, r-oldrel-windows-x86_64