Last updated on 2022-05-17 21:50:51 CEST.
Flavor | Version | Tinstall | Tcheck | Ttotal | Status | Flags |
---|---|---|---|---|---|---|
r-devel-linux-x86_64-debian-clang | 1.1.5 | 24.45 | 389.83 | 414.28 | NOTE | |
r-devel-linux-x86_64-debian-gcc | 1.1.5 | 19.17 | 284.31 | 303.48 | NOTE | |
r-devel-linux-x86_64-fedora-clang | 1.1.5 | 499.76 | NOTE | |||
r-devel-linux-x86_64-fedora-gcc | 1.1.5 | 479.61 | NOTE | |||
r-devel-windows-x86_64 | 1.1.5 | 68.00 | 418.00 | 486.00 | NOTE | |
r-patched-linux-x86_64 | 1.1.5 | 22.19 | 359.59 | 381.78 | NOTE | |
r-release-linux-x86_64 | 1.1.5 | 15.06 | 363.57 | 378.63 | NOTE | |
r-release-macos-arm64 | 1.1.5 | 223.00 | NOTE | |||
r-release-macos-x86_64 | 1.1.5 | 378.00 | NOTE | |||
r-release-windows-x86_64 | 1.1.5 | 69.00 | 391.00 | 460.00 | NOTE | |
r-oldrel-macos-arm64 | 1.1.5 | 339.00 | NOTE | |||
r-oldrel-macos-x86_64 | 1.1.5 | 348.00 | NOTE | |||
r-oldrel-windows-ix86+x86_64 | 1.1.5 | 53.00 | 561.00 | 614.00 | NOTE |
Version: 1.1.5
Check: LazyData
Result: NOTE
'LazyData' is specified without a 'data' directory
Flavors: r-devel-linux-x86_64-debian-clang, r-devel-linux-x86_64-debian-gcc, r-devel-linux-x86_64-fedora-clang, r-devel-linux-x86_64-fedora-gcc, r-devel-windows-x86_64, r-patched-linux-x86_64, r-release-linux-x86_64, r-release-macos-arm64, r-release-macos-x86_64, r-release-windows-x86_64, r-oldrel-macos-arm64, r-oldrel-macos-x86_64, r-oldrel-windows-ix86+x86_64