CRAN Package Check Results for Package mlr3proba

Last updated on 2020-06-07 06:46:51 CEST.

Flavor Version Tinstall Tcheck Ttotal Status Flags
r-devel-linux-x86_64-debian-clang 0.1.5 60.92 455.76 516.68 ERROR
r-devel-linux-x86_64-debian-gcc 0.1.6 39.87 315.26 355.13 OK
r-devel-linux-x86_64-fedora-clang 0.1.6 236.54 OK
r-devel-linux-x86_64-fedora-gcc 0.1.6 382.45 OK
r-devel-windows-ix86+x86_64 0.1.6 81.00 371.00 452.00 OK
r-patched-linux-x86_64 0.1.5 53.49 370.45 423.94 ERROR
r-patched-solaris-x86 0.1.6 414.60 OK
r-release-linux-x86_64 0.1.5 56.14 387.47 443.61 ERROR
r-release-osx-x86_64 0.1.5 OK
r-release-windows-ix86+x86_64 0.1.5 72.00 460.00 532.00 ERROR
r-oldrel-osx-x86_64 0.1.6 OK
r-oldrel-windows-ix86+x86_64 0.1.6 52.00 298.00 350.00 OK

Check Details

Version: 0.1.5
Check: tests
Result: ERROR
     Running 'testthat.R' [247s/129s]
    Running the tests in 'tests/testthat.R' failed.
    Complete output:
     > library(testthat)
     > library(checkmate) # for more expect_*() functions
     > library(mlr3proba)
     >
     > test_check("mlr3proba")
     -- 1. Failure: autotest (@test_mlr_learners_surv_obliuqersf.R#7) --------------
     `result` isn't true.
     [train()] learner 'surv.obliqueRSF:crank' on task 'feat_all' failed: train log has errors: j (the 2nd argument inside [...]) is a single symbol but column name 'features' is not found. Perhaps you intended DT[, ..features]. This difference to data.frame is deliberate and explained in FAQ 1.1.
    
     1<08>2<08>3<08>
     == testthat results ===========================================================
     [ OK: 1518 | SKIPPED: 9 | WARNINGS: 0 | FAILED: 1 ]
     1. Failure: autotest (@test_mlr_learners_surv_obliuqersf.R#7)
    
     Error: testthat unit tests failed
     Execution halted
Flavor: r-devel-linux-x86_64-debian-clang

Version: 0.1.5
Check: tests
Result: ERROR
     Running ‘testthat.R’ [184s/188s]
    Running the tests in ‘tests/testthat.R’ failed.
    Complete output:
     > library(testthat)
     > library(checkmate) # for more expect_*() functions
     > library(mlr3proba)
     >
     > test_check("mlr3proba")
     ── 1. Failure: autotest (@test_mlr_learners_surv_obliuqersf.R#7) ──────────────
     `result` isn't true.
     [train()] learner 'surv.obliqueRSF:crank' on task 'feat_all' failed: train log has errors: j (the 2nd argument inside [...]) is a single symbol but column name 'features' is not found. Perhaps you intended DT[, ..features]. This difference to data.frame is deliberate and explained in FAQ 1.1.
    
     1<08>2<08>3<08>
     ══ testthat results ═══════════════════════════════════════════════════════════
     [ OK: 1518 | SKIPPED: 9 | WARNINGS: 0 | FAILED: 1 ]
     1. Failure: autotest (@test_mlr_learners_surv_obliuqersf.R#7)
    
     Error: testthat unit tests failed
     Execution halted
Flavor: r-patched-linux-x86_64

Version: 0.1.5
Check: tests
Result: ERROR
     Running ‘testthat.R’ [198s/216s]
    Running the tests in ‘tests/testthat.R’ failed.
    Complete output:
     > library(testthat)
     > library(checkmate) # for more expect_*() functions
     > library(mlr3proba)
     >
     > test_check("mlr3proba")
     ── 1. Failure: autotest (@test_mlr_learners_surv_obliuqersf.R#7) ──────────────
     `result` isn't true.
     [train()] learner 'surv.obliqueRSF:crank' on task 'feat_all' failed: train log has errors: j (the 2nd argument inside [...]) is a single symbol but column name 'features' is not found. Perhaps you intended DT[, ..features]. This difference to data.frame is deliberate and explained in FAQ 1.1.
    
     1<08>2<08>3<08>
     ══ testthat results ═══════════════════════════════════════════════════════════
     [ OK: 1518 | SKIPPED: 9 | WARNINGS: 0 | FAILED: 1 ]
     1. Failure: autotest (@test_mlr_learners_surv_obliuqersf.R#7)
    
     Error: testthat unit tests failed
     Execution halted
Flavor: r-release-linux-x86_64

Version: 0.1.5
Check: running tests for arch ‘i386’
Result: ERROR
     Running 'testthat.R' [84s]
    Running the tests in 'tests/testthat.R' failed.
    Complete output:
     > library(testthat)
     > library(checkmate) # for more expect_*() functions
     > library(mlr3proba)
     >
     > test_check("mlr3proba")
     -- 1. Failure: autotest (@test_mlr_learners_surv_obliuqersf.R#7) --------------
     `result` isn't true.
     [train()] learner 'surv.obliqueRSF:crank' on task 'feat_all' failed: train log has errors: j (the 2nd argument inside [...]) is a single symbol but column name 'features' is not found. Perhaps you intended DT[, ..features]. This difference to data.frame is deliberate and explained in FAQ 1.1.
    
     1<08>2<08>3<08>
     == testthat results ===========================================================
     [ OK: 1518 | SKIPPED: 9 | WARNINGS: 0 | FAILED: 1 ]
     1. Failure: autotest (@test_mlr_learners_surv_obliuqersf.R#7)
    
     Error: testthat unit tests failed
     Execution halted
Flavor: r-release-windows-ix86+x86_64

Version: 0.1.5
Check: running tests for arch ‘x64’
Result: ERROR
     Running 'testthat.R' [89s]
    Running the tests in 'tests/testthat.R' failed.
    Complete output:
     > library(testthat)
     > library(checkmate) # for more expect_*() functions
     > library(mlr3proba)
     >
     > test_check("mlr3proba")
     -- 1. Failure: autotest (@test_mlr_learners_surv_obliuqersf.R#7) --------------
     `result` isn't true.
     [train()] learner 'surv.obliqueRSF:crank' on task 'feat_all' failed: train log has errors: j (the 2nd argument inside [...]) is a single symbol but column name 'features' is not found. Perhaps you intended DT[, ..features]. This difference to data.frame is deliberate and explained in FAQ 1.1.
    
     1<08>2<08>3<08>
     == testthat results ===========================================================
     [ OK: 1518 | SKIPPED: 9 | WARNINGS: 0 | FAILED: 1 ]
     1. Failure: autotest (@test_mlr_learners_surv_obliuqersf.R#7)
    
     Error: testthat unit tests failed
     Execution halted
Flavor: r-release-windows-ix86+x86_64