CRAN Package Check Results for Package mlr3pipelines

Last updated on 2023-09-29 12:57:03 CEST.

Flavor Version Tinstall Tcheck Ttotal Status Flags
r-devel-linux-x86_64-debian-clang 0.5.0-1 35.86 614.67 650.53 OK
r-devel-linux-x86_64-debian-gcc 0.5.0-1 26.66 446.35 473.01 OK
r-devel-linux-x86_64-fedora-clang 0.5.0-1 790.00 NOTE
r-devel-linux-x86_64-fedora-gcc 0.5.0-1 808.61 OK
r-devel-windows-x86_64 0.5.0-1 28.00 350.00 378.00 OK
r-patched-linux-x86_64 0.5.0-1 52.04 563.87 615.91 OK
r-release-linux-x86_64 0.5.0-1 29.48 591.70 621.18 OK
r-release-macos-arm64 0.5.0-1 144.00 OK
r-release-macos-x86_64 0.5.0-1 410.00 OK
r-release-windows-x86_64 0.5.0-1 39.00 493.00 532.00 OK
r-oldrel-macos-arm64 0.5.0-1 140.00 OK
r-oldrel-macos-x86_64 0.5.0-1 175.00 OK
r-oldrel-windows-x86_64 0.5.0-1 39.00 419.00 458.00 OK

Check Details

Version: 0.5.0-1
Check: Rd cross-references
Result: NOTE
    Undeclared package ‘htmlwidgets’ in Rd xrefs
Flavor: r-devel-linux-x86_64-fedora-clang