Last updated on 2023-03-26 05:51:15 CEST.
Flavor | Version | Tinstall | Tcheck | Ttotal | Status | Flags |
---|---|---|---|---|---|---|
r-devel-linux-x86_64-debian-clang | 0.7.1 | 10.38 | 78.46 | 88.84 | OK | |
r-devel-linux-x86_64-debian-gcc | 0.7.1 | 7.73 | 56.60 | 64.33 | OK | |
r-devel-linux-x86_64-fedora-clang | 0.7.1 | 114.71 | NOTE | |||
r-devel-linux-x86_64-fedora-gcc | 0.7.1 | 109.64 | NOTE | |||
r-patched-linux-x86_64 | 0.7.1 | 11.22 | 71.21 | 82.43 | OK | |
r-release-linux-x86_64 | 0.7.1 | 10.68 | 71.35 | 82.03 | OK | |
r-release-macos-arm64 | 0.7.1 | 89.00 | OK | |||
r-release-macos-x86_64 | 0.7.1 | 103.00 | OK | |||
r-release-windows-x86_64 | 0.7.1 | 55.00 | 120.00 | 175.00 | OK | |
r-oldrel-macos-arm64 | 0.7.1 | 89.00 | OK | |||
r-oldrel-macos-x86_64 | 0.7.1 | 108.00 | OK | |||
r-oldrel-windows-ix86+x86_64 | 0.7.1 | 23.00 | 152.00 | 175.00 | NOTE |
Version: 0.7.1
Check: dependencies in R code
Result: NOTE
Namespace in Imports field not imported from: ‘bit64’
All declared Imports should be used.
Flavors: r-devel-linux-x86_64-fedora-clang, r-devel-linux-x86_64-fedora-gcc
Version: 0.7.1
Check: dependencies in R code
Result: NOTE
Initiating curl with CURL_SSL_BACKEND: openssl
Flavor: r-oldrel-windows-ix86+x86_64