Last updated on 2023-03-27 03:53:47 CEST.
Flavor | Version | Tinstall | Tcheck | Ttotal | Status | Flags |
---|---|---|---|---|---|---|
r-devel-linux-x86_64-debian-clang | 0.7.1 | 11.26 | 152.29 | 163.55 | OK | |
r-devel-linux-x86_64-debian-gcc | 0.7.1 | 9.30 | 112.81 | 122.11 | OK | |
r-devel-linux-x86_64-fedora-clang | 0.7.1 | 200.45 | OK | |||
r-devel-linux-x86_64-fedora-gcc | 0.7.1 | 196.81 | OK | |||
r-patched-linux-x86_64 | 0.7.1 | 13.96 | 139.62 | 153.58 | OK | |
r-release-linux-x86_64 | 0.7.1 | 12.43 | 140.81 | 153.24 | OK | |
r-release-macos-arm64 | 0.7.1 | 48.00 | OK | |||
r-release-macos-x86_64 | 0.7.1 | 65.00 | OK | |||
r-release-windows-x86_64 | 0.7.1 | 75.00 | 181.00 | 256.00 | OK | |
r-oldrel-macos-arm64 | 0.7.1 | 51.00 | OK | |||
r-oldrel-macos-x86_64 | 0.7.1 | 68.00 | OK | |||
r-oldrel-windows-ix86+x86_64 | 0.7.1 | 21.00 | 187.00 | 208.00 | WARN |
Version: 0.7.1
Check: for unstated dependencies in ‘tests’
Result: WARN
Warning: unable to access index for repository https://bioconductor.org/packages/3.14/bioc/src/contrib:
cannot open URL 'https://bioconductor.org/packages/3.14/bioc/src/contrib/PACKAGES'
Warning: unable to access index for repository https://bioconductor.org/packages/3.14/data/annotation/src/contrib:
cannot open URL 'https://bioconductor.org/packages/3.14/data/annotation/src/contrib/PACKAGES'
Warning: unable to access index for repository https://bioconductor.org/packages/3.14/data/experiment/src/contrib:
cannot open URL 'https://bioconductor.org/packages/3.14/data/experiment/src/contrib/PACKAGES'
Flavor: r-oldrel-windows-ix86+x86_64