Last updated on 2024-03-19 06:55:29 CET.
Flavor | Version | Tinstall | Tcheck | Ttotal | Status | Flags |
---|---|---|---|---|---|---|
r-devel-linux-x86_64-debian-clang | 1.1.2 | 3.98 | 76.53 | 80.51 | NOTE | |
r-devel-linux-x86_64-debian-gcc | 1.1.2 | 2.87 | 61.10 | 63.97 | NOTE | |
r-devel-linux-x86_64-fedora-clang | 1.1.2 | 99.43 | NOTE | |||
r-devel-linux-x86_64-fedora-gcc | 1.1.2 | 102.20 | NOTE | |||
r-devel-windows-x86_64 | 1.1.2 | 3.00 | 89.00 | 92.00 | NOTE | |
r-patched-linux-x86_64 | 1.1.2 | 4.36 | 74.75 | 79.11 | OK | |
r-release-linux-x86_64 | 1.1.2 | 3.64 | 78.62 | 82.26 | OK | |
r-release-macos-arm64 | 1.1.2 | 34.00 | OK | |||
r-release-macos-x86_64 | 1.1.2 | 75.00 | OK | |||
r-release-windows-x86_64 | 1.1.2 | 4.00 | 106.00 | 110.00 | OK | |
r-oldrel-macos-arm64 | 1.1.2 | 36.00 | OK | |||
r-oldrel-windows-x86_64 | 1.1.2 | 4.00 | 111.00 | 115.00 | OK |
Version: 1.1.2
Check: Rd files
Result: NOTE
checkRd: (-1) refBasedCts.Rd:44: Lost braces
44 | using reference based imputation as proposed by \doi{10.1080/10543406.2013.834911}{Carpenter et al (2013)}. This approach
| ^
Flavors: r-devel-linux-x86_64-debian-clang, r-devel-linux-x86_64-debian-gcc, r-devel-linux-x86_64-fedora-clang, r-devel-linux-x86_64-fedora-gcc, r-devel-windows-x86_64