CRAN Package Check Results for Package mlergm

Last updated on 2020-07-08 06:47:53 CEST.

Flavor Version Tinstall Tcheck Ttotal Status Flags
r-devel-linux-x86_64-debian-clang 0.6 15.46 110.32 125.78 OK
r-devel-linux-x86_64-debian-gcc 0.6 11.38 86.52 97.90 OK
r-devel-linux-x86_64-fedora-clang 0.6 155.49 OK
r-devel-linux-x86_64-fedora-gcc 0.6 157.88 OK
r-devel-windows-ix86+x86_64 0.6 27.00 117.00 144.00 OK
r-patched-linux-x86_64 0.6 15.47 107.67 123.14 OK
r-patched-solaris-x86 0.6 220.40 OK
r-release-linux-x86_64 0.6 15.64 107.84 123.48 OK
r-release-osx-x86_64 0.5 OK
r-release-windows-ix86+x86_64 0.6 45.00 169.00 214.00 OK
r-oldrel-osx-x86_64 0.6 ERROR
r-oldrel-windows-ix86+x86_64 0.5 36.00 150.00 186.00 OK

Check Details

Version: 0.6
Check: whether package can be installed
Result: ERROR
    Installation failed.
Flavor: r-oldrel-osx-x86_64