CRAN Package Check Results for Package mldr

Last updated on 2024-03-03 04:12:25 CET.

Flavor Version Tinstall Tcheck Ttotal Status Flags
r-devel-linux-x86_64-debian-clang 0.4.3 7.66 83.44 91.10 NOTE
r-devel-linux-x86_64-debian-gcc 0.4.3 7.38 63.29 70.67 NOTE
r-devel-linux-x86_64-fedora-clang 0.4.3 119.45 NOTE
r-devel-linux-x86_64-fedora-gcc 0.4.3 124.45 NOTE
r-devel-windows-x86_64 0.4.3 10.00 95.00 105.00 OK
r-patched-linux-x86_64 0.4.3 8.62 80.50 89.12 OK
r-release-linux-x86_64 0.4.3 7.02 80.25 87.27 OK
r-release-macos-arm64 0.4.3 45.00 OK
r-release-macos-x86_64 0.4.3 68.00 OK
r-release-windows-x86_64 0.4.3 11.00 106.00 117.00 OK
r-oldrel-macos-arm64 0.4.3 37.00 OK
r-oldrel-windows-x86_64 0.4.3 12.00 107.00 119.00 OK

Check Details

Version: 0.4.3
Check: Rd files
Result: NOTE checkRd: (-1) mldrGUI.Rd:22-25: Lost braces in \itemize; meant \describe ? checkRd: (-1) mldrGUI.Rd:26-28: Lost braces in \itemize; meant \describe ? checkRd: (-1) mldrGUI.Rd:29: Lost braces in \itemize; meant \describe ? checkRd: (-1) mldrGUI.Rd:30-31: Lost braces in \itemize; meant \describe ? checkRd: (-1) mldrGUI.Rd:32-34: Lost braces in \itemize; meant \describe ? Flavors: r-devel-linux-x86_64-debian-clang, r-devel-linux-x86_64-debian-gcc, r-devel-linux-x86_64-fedora-clang, r-devel-linux-x86_64-fedora-gcc