Last updated on 2023-09-23 21:52:50 CEST.
Flavor | Version | Tinstall | Tcheck | Ttotal | Status | Flags |
---|---|---|---|---|---|---|
r-devel-linux-x86_64-debian-clang | 0.1.1 | 51.32 | 470.36 | 521.68 | OK | |
r-devel-linux-x86_64-debian-gcc | 0.1.1 | 43.62 | 343.76 | 387.38 | OK | |
r-devel-linux-x86_64-fedora-clang | 0.1.1 | 675.61 | OK | |||
r-devel-linux-x86_64-fedora-gcc | 0.1.1 | 665.11 | OK | |||
r-devel-windows-x86_64 | 0.1.1 | 45.00 | 303.00 | 348.00 | OK | |
r-patched-linux-x86_64 | 0.1.1 | 45.47 | 440.84 | 486.31 | OK | |
r-release-linux-x86_64 | 0.1.1 | 39.91 | 450.83 | 490.74 | OK | |
r-release-macos-arm64 | 0.1.1 | 5.00 | ERROR | |||
r-release-macos-x86_64 | 0.1.1 | 298.00 | OK | |||
r-release-windows-x86_64 | 0.1.1 | 61.00 | 400.00 | 461.00 | OK | |
r-oldrel-macos-arm64 | 0.1.1 | 8.00 | ERROR | |||
r-oldrel-macos-x86_64 | 0.1.1 | 203.00 | OK | |||
r-oldrel-windows-x86_64 | 0.1.1 | 65.00 | 363.00 | 428.00 | OK |
Version: 0.1.1
Check: package dependencies
Result: ERROR
Package required but not available: ‘scran’
See section ‘The DESCRIPTION file’ in the ‘Writing R Extensions’
manual.
Flavors: r-release-macos-arm64, r-oldrel-macos-arm64