Last updated on 2023-06-05 11:56:54 CEST.
Flavor | Version | Tinstall | Tcheck | Ttotal | Status | Flags |
---|---|---|---|---|---|---|
r-devel-linux-x86_64-debian-clang | 1.1.2 | 183.20 | 86.61 | 269.81 | OK | |
r-devel-linux-x86_64-debian-gcc | 1.1.2 | 137.60 | 65.25 | 202.85 | OK | |
r-devel-linux-x86_64-fedora-clang | 1.1.2 | 401.56 | OK | |||
r-devel-linux-x86_64-fedora-gcc | 1.1.2 | 400.26 | OK | |||
r-devel-windows-x86_64 | 1.1.2 | 140.00 | 128.00 | 268.00 | OK | |
r-patched-linux-x86_64 | 1.1.2 | 139.79 | 77.99 | 217.78 | OK | |
r-release-linux-x86_64 | 1.1.2 | 151.03 | 79.56 | 230.59 | OK | |
r-release-macos-arm64 | 1.1.2 | 97.00 | NOTE | |||
r-release-macos-x86_64 | 1.1.2 | 116.00 | OK | |||
r-release-windows-x86_64 | 1.1.2 | 179.00 | 135.00 | 314.00 | OK | |
r-oldrel-macos-arm64 | 1.1.2 | 98.00 | NOTE | |||
r-oldrel-macos-x86_64 | 1.1.2 | 109.00 | OK | |||
r-oldrel-windows-x86_64 | 1.1.2 | 174.00 | 132.00 | 306.00 | OK |
Version: 1.1.2
Check: installed package size
Result: NOTE
installed size is 5.5Mb
sub-directories of 1Mb or more:
libs 5.0Mb
Flavors: r-release-macos-arm64, r-oldrel-macos-arm64