CRAN Package Check Results for Package mixedClust

Last updated on 2022-01-28 21:51:57 CET.

Flavor Version Tinstall Tcheck Ttotal Status Flags
r-devel-linux-x86_64-debian-clang 1.0.2 168.24 91.81 260.05 OK
r-devel-linux-x86_64-debian-gcc 1.0.2 118.99 70.10 189.09 OK
r-devel-linux-x86_64-fedora-clang 1.0.2 375.58 NOTE
r-devel-linux-x86_64-fedora-gcc 1.0.2 333.74 OK
r-devel-windows-x86_64-new-UL 1.0.2 148.00 134.00 282.00 OK
r-devel-windows-x86_64-new-TK 1.0.2 OK
r-patched-linux-x86_64 1.0.2 135.93 81.12 217.05 OK
r-release-linux-x86_64 1.0.2 123.04 79.57 202.61 OK
r-release-macos-arm64 1.0.2 NOTE
r-release-macos-x86_64 1.0.2 NOTE
r-release-windows-ix86+x86_64 1.0.2 406.00 138.00 544.00 OK
r-oldrel-macos-x86_64 1.0.2 NOTE
r-oldrel-windows-ix86+x86_64 1.0.2 408.00 140.00 548.00 OK

Check Details

Version: 1.0.2
Check: installed package size
Result: NOTE
     installed size is 7.4Mb
     sub-directories of 1Mb or more:
     libs 7.2Mb
Flavors: r-devel-linux-x86_64-fedora-clang, r-release-macos-arm64, r-release-macos-x86_64, r-oldrel-macos-x86_64