Last updated on 2024-04-19 11:56:52 CEST.
Flavor | Version | Tinstall | Tcheck | Ttotal | Status | Flags |
---|---|---|---|---|---|---|
r-devel-linux-x86_64-debian-clang | 1.5.0 | 29.50 | 647.79 | 677.29 | OK | |
r-devel-linux-x86_64-debian-gcc | 1.5.0 | OK | ||||
r-devel-linux-x86_64-fedora-clang | 1.5.0 | 916.01 | NOTE | |||
r-devel-linux-x86_64-fedora-gcc | 1.5.0 | 827.28 | NOTE | |||
r-prerel-macos-arm64 | 1.5.0 | 200.00 | OK | |||
r-prerel-windows-x86_64 | 1.5.0 | 31.00 | 466.00 | 497.00 | OK | |
r-patched-linux-x86_64 | 1.5.0 | 32.08 | 690.48 | 722.56 | OK | |
r-release-linux-x86_64 | 1.5.0 | 30.48 | 686.18 | 716.66 | OK | |
r-release-macos-arm64 | 1.5.0 | 218.00 | OK | |||
r-release-macos-x86_64 | 1.5.0 | 379.00 | OK | |||
r-release-windows-x86_64 | 1.5.0 | 39.00 | 609.00 | 648.00 | OK | |
r-oldrel-macos-arm64 | 1.5.0 | 114.00 | OK | |||
r-oldrel-windows-x86_64 | 1.5.0 | 39.00 | 622.00 | 661.00 | OK |
Version: 1.5.0
Check: dependencies in R code
Result: NOTE
Namespace in Imports field not imported from: ‘mcmcr’
All declared Imports should be used.
Flavors: r-devel-linux-x86_64-fedora-clang, r-devel-linux-x86_64-fedora-gcc