Last updated on 2024-03-29 06:56:32 CET.
Flavor | Version | Tinstall | Tcheck | Ttotal | Status | Flags |
---|---|---|---|---|---|---|
r-devel-linux-x86_64-debian-clang | 1.0.4 | 132.67 | 337.47 | 470.14 | OK | |
r-devel-linux-x86_64-debian-gcc | 1.0.4 | 102.71 | 264.48 | 367.19 | OK | |
r-devel-linux-x86_64-fedora-clang | 1.0.4 | 623.48 | OK | |||
r-devel-linux-x86_64-fedora-gcc | 1.0.4 | 638.51 | OK | |||
r-devel-windows-x86_64 | 1.0.4 | 100.00 | 319.00 | 419.00 | OK | |
r-patched-linux-x86_64 | 1.0.4 | 92.99 | 351.50 | 444.49 | OK | |
r-release-linux-x86_64 | 1.0.4 | 90.22 | 343.50 | 433.72 | OK | |
r-release-macos-arm64 | 1.0.4 | 192.00 | NOTE | |||
r-release-macos-x86_64 | 1.0.4 | 409.00 | NOTE | |||
r-release-windows-x86_64 | 1.0.4 | 127.00 | 417.00 | 544.00 | OK | |
r-oldrel-macos-arm64 | 1.0.4 | 196.00 | NOTE | |||
r-oldrel-windows-x86_64 | 1.0.4 | 125.00 | 408.00 | 533.00 | OK |
Version: 1.0.4
Check: installed package size
Result: NOTE
installed size is 6.8Mb
sub-directories of 1Mb or more:
libs 4.7Mb
Flavors: r-release-macos-arm64, r-release-macos-x86_64, r-oldrel-macos-arm64